{"id":107,"date":"2014-07-14T01:18:22","date_gmt":"2014-07-14T00:18:22","guid":{"rendered":"http:\/\/cellieu.fr\/press3\/mairie\/?page_id=107"},"modified":"2025-03-24T15:00:27","modified_gmt":"2025-03-24T14:00:27","slug":"portail-parents","status":"publish","type":"page","link":"https:\/\/cellieu.fr\/press3\/mairie\/enfance-et-jeunesse\/portail-parents\/","title":{"rendered":"Portail Parents V2"},"content":{"rendered":"<p>La Mairie de Cellieu vient de d\u00e9ployer un nouveau \u00a0<em>Portail Parents<\/em>.\u00a0 Celui-ci sera plus adapt\u00e9 aux smartphones et vous permettra entre autres :<\/p>\n<p>&#8211; de modifier des donn\u00e9es sur votre espace dans les onglets \u00ab\u00a0mon foyer\u00a0\u00bb et ou \u00ab\u00a0mes enfants\u00a0\u00bb.<\/p>\n<p>&#8211; de faire des r\u00e9servations en masse en choisissant la prestation (cantine, p\u00e9riscolaire midi\u2026), l\u2019enfant, les jours et la p\u00e9riode.<\/p>\n<p>&nbsp;<\/p>\n<p>Pour acc\u00e9der au nouveau <em>Portail Parents V2<\/em> : permet de faire les r\u00e9servation pour l&#8217;ann\u00e9e 2024-2025 \u00e0 partir du Mardi 27 aout :<\/p>\n<p style=\"text-align: center\"><a href=\"https:\/\/parents.logiciel-enfance.fr\/cellieu\" target=\"_blank\" rel=\"noopener noreferrer\">Utilisez ce lien : Nouveau Portail Parents V2 <\/a><\/p>\n<p style=\"text-align: center\">et cliquer sur : <strong>Se connecter<\/strong><\/p>\n<p>&nbsp;<\/p>\n<p>&nbsp;<\/p>\n<p>&nbsp;<\/p>\n<p>Le nouveau <em>Portail Parents V2<\/em> est accessible depuis le Mardi 27 Aout.<\/p>\n<p>Vous devez utiliser vos anciens identifiants, ils fonctionnent encore.<\/p>\n<p>Les r\u00e9servations doivent \u00eatre effectu\u00e9es avant le Mercredi 23h, pour la semaine suivante (ce d\u00e9lai de pr\u00e9venance nous est impos\u00e9 par la nouvelle cuisine centrale qui travaille avec beaucoup plus de produit frais).<\/p>\n<p>Si vous avez oubli\u00e9 votre mot de passe, vous pouvez utiliser le lien &#8220;Premi\u00e8re connexion ou mot de passe oubli\u00e9 ?&#8221;.<\/p>\n<p>Un mode d&#8217;emploi d\u00e9taill\u00e9 est aussi disponible sur la page de connexion du <em>Portail Parents V2.<\/em><\/p>\n<p>Si vous n&#8217;avez pas eu le temps de r\u00e9server, ou en cas de difficult\u00e9, vous pouvez envoyer un Email \u00e0 enfance@cellieu.fr avec les prestations n\u00e9cessaires \u00e0 votre enfant. (Il n&#8217;y aura pas de p\u00e9nalit\u00e9 la premi\u00e8re semaine).<\/p>\n<p>&nbsp;<\/p>\n<p>&nbsp;<\/p>\n<p style=\"text-align: center\">\n<h1><strong>Facturation de la cantine<\/strong><\/h1>\n<p>La cantine est maintenant factur\u00e9e comme le p\u00e9riscolaire, en fin de mois. Vous n&#8217;avez donc plus besoin d&#8217;approvisionner votre compte \u00e0 l&#8217;avance.<\/p>\n<p><span style=\"margin: 0px;font-family: 'Times New Roman',serif;font-size: 12pt\"><span style=\"color: #000000\">Les factures peuvent \u00eatre r\u00e9gl\u00e9es (suivre les indications du Titre de Paiement que vous recevez par courrier) :<\/span><\/span><\/p>\n<ul>\n<li><span style=\"margin: 0px;font-family: 'Times New Roman',serif;font-size: 12pt\"><span style=\"color: #000000\">par <b>CB<\/b> depuis le site web <\/span><a href=\"https:\/\/www.cellieu.fr\/\">www.cellieu.fr<\/a><span style=\"color: #000000\">, Menu Enfance et Jeunesse, Portail Parents.<\/span><\/span><\/li>\n<li><span style=\"color: #000000\"><span style=\"margin: 0px;font-family: 'Times New Roman',serif;font-size: 12pt\">par <b>Ch\u00e8que<\/b> (\u00e0 l&#8217;ordre du Tr\u00e9sor Public) d\u00e9pos\u00e9s, ou envoy\u00e9s par courrier, \u00e0 la nouvelle Tr\u00e9sorerie de St-Chamond (l\u2019adresse est sur le Titre de Paiement)<\/span><\/span><\/li>\n<\/ul>\n<p>Toutes les prestations (p\u00e9riscolaire ou cantine) doivent \u00eatre <strong>r\u00e9serv\u00e9es<\/strong> <strong>avant le mercredi 23h<\/strong>, chaque semaine. Vous pouvez r\u00e9server pour plusieurs semaines \u00e0 l&#8217;avance.<\/p>\n<p>En cas de modification de r\u00e9servation apr\u00e8s le d\u00e9lai, vous pouvez t\u00e9l\u00e9phoner <span style=\"float: none;background-color: transparent;color: #333333;font-family: -apple-system,BlinkMacSystemFont,'Segoe UI',Roboto,Oxygen-Sans,Ubuntu,Cantarell,'Helvetica Neue',sans-serif;font-size: 16px;font-style: normal;font-variant: normal;font-weight: 400;letter-spacing: normal;line-height: 22.4px;text-align: left;text-decoration: none;text-indent: 0px;text-transform: none\">ou envoyer un Email <\/span>au Secr\u00e9tariat, une p\u00e9nalit\u00e9 sera appliqu\u00e9e.<\/p>\n<h1>Voir les documents<\/h1>\n<p><a href=\"https:\/\/cellieu.fr\/press3\/mairie\/wp-content\/uploads\/sites\/2\/2023\/08\/2023-24-REGLEMENT-INTERIEUR.pdf\" target=\"_blank\" rel=\"noopener\">r\u00e8glement service enfance 2023-2024<\/a><\/p>\n<p><a href=\"https:\/\/cellieu.fr\/press3\/mairie\/wp-content\/uploads\/sites\/2\/2021\/10\/2021-08-31-projet_educatif.pdf\" target=\"_blank\" rel=\"noopener\">Projet \u00e9ducatif 2021-2022<\/a><\/p>\n<p>&nbsp;<\/p>\n<h1>Probl\u00e8me d&#8217;acc\u00e8s au Portail Parents<\/h1>\n<p>Si vous ne connaissez plus votre <strong>mot de passe<\/strong> ou votre <strong>login<\/strong>, vous pouvez utiliser la section <strong>Mot de passe perdu<\/strong> et entrer votre <strong>Email<\/strong>.<\/p>\n<p>Vous recevrez les informations n\u00e9cessaires \u00e0 votre connexion rapidement. (Pensez \u00e0 v\u00e9rifier votre dossier <strong>Spam<\/strong> ou <strong>Courriers ind\u00e9sirables<\/strong>).<\/p>\n<p>Si votre Email n&#8217;est pas reconnu, merci de contacter le secr\u00e9tariat avec ce <a title=\"Contacter la Mairie\" href=\"https:\/\/cellieu.fr\/press3\/mairie\/contact\/contacter-la-mairie\/\">formulaire<\/a> en pr\u00e9cisant les Nom et Pr\u00e9nom de votre (vos) enfant(s).<\/p>\n<p>&nbsp;<\/p>\n<h1>Paiement de vos factures par CB depuis Internet<\/h1>\n<p>Pour payer vos factures depuis Internet, ouvrez le Portail Parents, identifiez vous et cliquez sur le bouton Facture : <a href=\"https:\/\/cellieu.fr\/press3\/mairie\/wp-content\/uploads\/sites\/2\/2014\/07\/bouton_facture.png\"><img loading=\"lazy\" decoding=\"async\" class=\"aligncenter size-full wp-image-1708\" src=\"https:\/\/cellieu.fr\/press3\/mairie\/wp-content\/uploads\/sites\/2\/2014\/07\/bouton_facture.png\" alt=\"bouton_facture\" width=\"96\" height=\"80\" \/><\/a><\/p>\n<p>La liste de toutes vos factures devrait s&#8217;afficher et vous aurez la possibilit\u00e9 de :<\/p>\n<ul>\n<li>T\u00e9l\u00e9charger\u00a0votre facture au format PDF : <img loading=\"lazy\" decoding=\"async\" class=\"alignnone wp-image-1745 size-full\" src=\"https:\/\/cellieu.fr\/press3\/mairie\/wp-content\/uploads\/sites\/2\/2014\/07\/portail_parent_pdf.png\" alt=\"portail_parent_pdf\" width=\"18\" height=\"19\" \/><\/li>\n<li>Payer votre facture depuis Internet par CB : <img loading=\"lazy\" decoding=\"async\" class=\"alignnone wp-image-1744 size-full\" src=\"https:\/\/cellieu.fr\/press3\/mairie\/wp-content\/uploads\/sites\/2\/2014\/07\/portail_parent_cb.png\" alt=\"portail_parent_cb\" width=\"75\" height=\"17\" \/><\/li>\n<\/ul>\n<p>Si le probl\u00e8me persiste, merci de contacter le secr\u00e9tariat avec ce <a title=\"Contacter la Mairie\" href=\"https:\/\/cellieu.fr\/press3\/mairie\/contact\/contacter-la-mairie\/\">formulaire<\/a>.<\/p>\n","protected":false},"excerpt":{"rendered":"<p>La Mairie de Cellieu vient de d\u00e9ployer un nouveau \u00a0Portail Parents.\u00a0 Celui-ci sera plus adapt\u00e9 aux smartphones et vous permettra entre autres : &#8211; de modifier des donn\u00e9es sur votre espace dans les onglets \u00ab\u00a0mon foyer\u00a0\u00bb et ou \u00ab\u00a0mes enfants\u00a0\u00bb. &#8211; de faire des r\u00e9servations en masse en choisissant la prestation (cantine, p\u00e9riscolaire midi\u2026), l\u2019enfant, [&hellip;]<\/p>\n","protected":false},"author":2,"featured_media":0,"parent":504,"menu_order":0,"comment_status":"closed","ping_status":"closed","template":"","meta":{"wikipediapreview_detectlinks":true,"ngg_post_thumbnail":0,"footnotes":""},"class_list":["post-107","page","type-page","status-publish","hentry"],"jetpack_sharing_enabled":true,"_links":{"self":[{"href":"https:\/\/cellieu.fr\/press3\/mairie\/wp-json\/wp\/v2\/pages\/107","targetHints":{"allow":["GET"]}}],"collection":[{"href":"https:\/\/cellieu.fr\/press3\/mairie\/wp-json\/wp\/v2\/pages"}],"about":[{"href":"https:\/\/cellieu.fr\/press3\/mairie\/wp-json\/wp\/v2\/types\/page"}],"author":[{"embeddable":true,"href":"https:\/\/cellieu.fr\/press3\/mairie\/wp-json\/wp\/v2\/users\/2"}],"replies":[{"embeddable":true,"href":"https:\/\/cellieu.fr\/press3\/mairie\/wp-json\/wp\/v2\/comments?post=107"}],"version-history":[{"count":98,"href":"https:\/\/cellieu.fr\/press3\/mairie\/wp-json\/wp\/v2\/pages\/107\/revisions"}],"predecessor-version":[{"id":13220,"href":"https:\/\/cellieu.fr\/press3\/mairie\/wp-json\/wp\/v2\/pages\/107\/revisions\/13220"}],"up":[{"embeddable":true,"href":"https:\/\/cellieu.fr\/press3\/mairie\/wp-json\/wp\/v2\/pages\/504"}],"wp:attachment":[{"href":"https:\/\/cellieu.fr\/press3\/mairie\/wp-json\/wp\/v2\/media?parent=107"}],"curies":[{"name":"wp","href":"https:\/\/api.w.org\/{rel}","templated":true}]}}