{"id":1178,"date":"2014-07-31T08:34:00","date_gmt":"2014-07-31T07:34:00","guid":{"rendered":"http:\/\/cellieu.fr\/press3\/mairie\/?page_id=1178"},"modified":"2019-11-24T22:26:57","modified_gmt":"2019-11-24T21:26:57","slug":"urbanisme","status":"publish","type":"page","link":"https:\/\/cellieu.fr\/press3\/mairie\/vivre-a-cellieu\/urbanisme\/","title":{"rendered":"Urbanisme"},"content":{"rendered":"<p>Le Plan Local d&#8217;Urbanisme de Cellieu a \u00e9t\u00e9 vot\u00e9 par St Etienne Metropole le 3 octobre 2019. Il est applicable depuis cette date.<\/p>\n<p>Vous pouvez le consulter sur le site <a href=\"https:\/\/www.saint-etienne-metropole.fr\" target=\"_blank\" rel=\"noopener noreferrer\">www.saint-etienne-metropole.fr<\/a>, menu <strong>S<\/strong><strong>ervices-aux-habitants<\/strong> puis rubrique <strong>Am\u00e9nagement<\/strong> puis <strong>Urbanisme <\/strong>puis le lien <strong><b>Consulter les PLU des communes.<\/b><\/strong><\/p>\n<p>&nbsp;<\/p>\n","protected":false},"excerpt":{"rendered":"<p>Le Plan Local d&#8217;Urbanisme de Cellieu a \u00e9t\u00e9 vot\u00e9 par St Etienne Metropole le 3 octobre 2019. Il est applicable depuis cette date. Vous pouvez le consulter sur le site www.saint-etienne-metropole.fr, menu Services-aux-habitants puis rubrique Am\u00e9nagement puis Urbanisme puis le lien Consulter les PLU des communes. &nbsp;<\/p>\n","protected":false},"author":2,"featured_media":0,"parent":1176,"menu_order":0,"comment_status":"closed","ping_status":"open","template":"","meta":{"wikipediapreview_detectlinks":true,"ngg_post_thumbnail":0,"footnotes":""},"class_list":["post-1178","page","type-page","status-publish","hentry"],"jetpack_sharing_enabled":true,"_links":{"self":[{"href":"https:\/\/cellieu.fr\/press3\/mairie\/wp-json\/wp\/v2\/pages\/1178","targetHints":{"allow":["GET"]}}],"collection":[{"href":"https:\/\/cellieu.fr\/press3\/mairie\/wp-json\/wp\/v2\/pages"}],"about":[{"href":"https:\/\/cellieu.fr\/press3\/mairie\/wp-json\/wp\/v2\/types\/page"}],"author":[{"embeddable":true,"href":"https:\/\/cellieu.fr\/press3\/mairie\/wp-json\/wp\/v2\/users\/2"}],"replies":[{"embeddable":true,"href":"https:\/\/cellieu.fr\/press3\/mairie\/wp-json\/wp\/v2\/comments?post=1178"}],"version-history":[{"count":16,"href":"https:\/\/cellieu.fr\/press3\/mairie\/wp-json\/wp\/v2\/pages\/1178\/revisions"}],"predecessor-version":[{"id":5834,"href":"https:\/\/cellieu.fr\/press3\/mairie\/wp-json\/wp\/v2\/pages\/1178\/revisions\/5834"}],"up":[{"embeddable":true,"href":"https:\/\/cellieu.fr\/press3\/mairie\/wp-json\/wp\/v2\/pages\/1176"}],"wp:attachment":[{"href":"https:\/\/cellieu.fr\/press3\/mairie\/wp-json\/wp\/v2\/media?parent=1178"}],"curies":[{"name":"wp","href":"https:\/\/api.w.org\/{rel}","templated":true}]}}