{"id":2261,"date":"2015-04-01T13:13:03","date_gmt":"2015-04-01T12:13:03","guid":{"rendered":"http:\/\/cellieu.fr\/press3\/mairie\/?page_id=2261"},"modified":"2015-05-04T09:11:42","modified_gmt":"2015-05-04T08:11:42","slug":"calendrier-des-evenements","status":"publish","type":"page","link":"https:\/\/cellieu.fr\/press3\/mairie\/vivre-a-cellieu\/calendrier-des-evenements\/","title":{"rendered":"Calendrier des \u00e9v\u00e9nements"},"content":{"rendered":"<p>Pour faire une demande pour un nouvel \u00e9v\u00e9nement,\u00a0utiliser le <a title=\"Contacter la Mairie\" href=\"https:\/\/cellieu.fr\/press3\/mairie\/contact\/contacter-la-mairie\/\">formulaire de contact.<\/a><br \/>\nPour voir\u00a0la liste des \u00e9v\u00e9nements\u00a0: <a title=\"\u00c9v\u00e9nements\" href=\"https:\/\/cellieu.fr\/press3\/mairie\/vivre-a-cellieu\/evenements\/\">ici<\/a><br \/>\nPour voir la liste de toutes les salles : <a title=\"Emplacements\" href=\"https:\/\/cellieu.fr\/press3\/mairie\/vivre-a-cellieu\/evenements\/emplacements\/\">ici<\/a><br \/>\n\t\t<div class=\"wpfc-calendar-wrapper\"><form class=\"wpfc-calendar\" id=\"wpfc-calendar-69215\"><\/form><div class=\"wpfc-loading\"><\/div><\/div>\r\n\t\t<div class=\"wpfc-calendar-search\" style=\"display:none;\">\r\n\t\t\t<select  name='event-categories' id='event-categories' class='wpfc-taxonomy event-categories'>\n\t<option value='0' selected='selected'>Tous les \u00c9v\u00e8nement Categories<\/option>\n<option class=\"level-0\" value=\"4\">#89042b - Association<\/option><option class=\"level-1\" value=\"5\">&nbsp;&nbsp;&nbsp;#af1f64 - Comite des f\u00eates<\/option><option class=\"level-1\" value=\"7\">&nbsp;&nbsp;&nbsp;#a61437 - SKCC<\/option><option class=\"level-1\" value=\"8\">&nbsp;&nbsp;&nbsp;#f71524 - JSC<\/option><option class=\"level-1\" value=\"9\">&nbsp;&nbsp;&nbsp;#d4a2c1 - MPT<\/option><option class=\"level-1\" value=\"15\">&nbsp;&nbsp;&nbsp;#fa4e8b - Un grand pas pour sarah<\/option><option class=\"level-1\" value=\"16\">&nbsp;&nbsp;&nbsp;#daa3ed - APEL<\/option><option class=\"level-1\" value=\"17\">&nbsp;&nbsp;&nbsp;#da83b3 - Sou des Ecoles<\/option><option class=\"level-1\" value=\"21\">&nbsp;&nbsp;&nbsp;#d16344 - Soccer<\/option><option class=\"level-1\" value=\"23\">&nbsp;&nbsp;&nbsp;#f91209 - Club Loisirs Amiti\u00e9<\/option><option class=\"level-1\" value=\"28\">&nbsp;&nbsp;&nbsp;#ca44d1 - ACCA<\/option><option class=\"level-1\" value=\"31\">&nbsp;&nbsp;&nbsp;#a8d144 - D\u00e9fense du Site de Cellieu<\/option><option class=\"level-1\" value=\"32\">&nbsp;&nbsp;&nbsp;#a8d144 - Comit\u00e9 de Fleurissement<\/option><option class=\"level-1\" value=\"33\">&nbsp;&nbsp;&nbsp;#a8d144 - Jarez Solidarit\u00e9s<\/option><option class=\"level-1\" value=\"43\">&nbsp;&nbsp;&nbsp;#a8d144 - APCC<\/option><option class=\"level-0\" value=\"10\">#009900 - Mairie<\/option><option class=\"level-1\" value=\"26\">&nbsp;&nbsp;&nbsp;#387f0d - M\u00e9diath\u00e8que<\/option><option class=\"level-1\" value=\"45\">&nbsp;&nbsp;&nbsp;#a8d144 - CMJ<\/option><option class=\"level-1\" value=\"51\">&nbsp;&nbsp;&nbsp;#a8d144 - DON du SANG<\/option><option class=\"level-1\" value=\"53\">&nbsp;&nbsp;&nbsp;#a8d144 - Centre de loisirs<\/option><option class=\"level-0\" value=\"18\">#ed120f - Public<\/option><option class=\"level-1\" value=\"44\">&nbsp;&nbsp;&nbsp;#a8d144 - SIPG<\/option><option class=\"level-0\" value=\"20\">#171a12 - Priv\u00e9e<\/option><option class=\"level-0\" value=\"24\">#1a2282 - Ecole<\/option><option class=\"level-1\" value=\"25\">&nbsp;&nbsp;&nbsp;#6d67f1 - A. Daudet<\/option><option class=\"level-1\" value=\"29\">&nbsp;&nbsp;&nbsp;#3c9c9d - St Joseph<\/option><option class=\"level-0\" value=\"27\">#f0be12 - Commer\u00e7ants<\/option><option class=\"level-0\" value=\"30\">#a8d144 - Autre<\/option><option class=\"level-0\" value=\"40\">#a8d144 - APCC<\/option><option class=\"level-0\" value=\"41\">#a8d144 - Les 7 collines<\/option><option class=\"level-0\" value=\"52\">#a8d144 - RhinoJazz<\/option><\/select>\n\t\t<\/div>\r\n\t\t<script type=\"text\/javascript\">\r\n\t\t\tWPFC.data = {\r\n\t\t\t\taction : 'WP_FullCalendar',\r\n\t\t\t\t'type' : 'event','month' : 3,'year' : 2026,\t\t\t };\r\n\t\t\tWPFC.month = 3;\r\n\t\t\tWPFC.year = 2026;\r\n\t\t<\/script>\r\n\t\t<\/p>\n<p>&nbsp;<\/p>\n","protected":false},"excerpt":{"rendered":"<p>Pour faire une demande pour un nouvel \u00e9v\u00e9nement,\u00a0utiliser le formulaire de contact. Pour voir\u00a0la liste des \u00e9v\u00e9nements\u00a0: ici Pour voir la liste de toutes les salles : ici &nbsp;<\/p>\n","protected":false},"author":2,"featured_media":0,"parent":1176,"menu_order":0,"comment_status":"closed","ping_status":"closed","template":"","meta":{"wikipediapreview_detectlinks":true,"ngg_post_thumbnail":0,"footnotes":""},"class_list":["post-2261","page","type-page","status-publish","hentry"],"jetpack_sharing_enabled":true,"_links":{"self":[{"href":"https:\/\/cellieu.fr\/press3\/mairie\/wp-json\/wp\/v2\/pages\/2261","targetHints":{"allow":["GET"]}}],"collection":[{"href":"https:\/\/cellieu.fr\/press3\/mairie\/wp-json\/wp\/v2\/pages"}],"about":[{"href":"https:\/\/cellieu.fr\/press3\/mairie\/wp-json\/wp\/v2\/types\/page"}],"author":[{"embeddable":true,"href":"https:\/\/cellieu.fr\/press3\/mairie\/wp-json\/wp\/v2\/users\/2"}],"replies":[{"embeddable":true,"href":"https:\/\/cellieu.fr\/press3\/mairie\/wp-json\/wp\/v2\/comments?post=2261"}],"version-history":[{"count":8,"href":"https:\/\/cellieu.fr\/press3\/mairie\/wp-json\/wp\/v2\/pages\/2261\/revisions"}],"predecessor-version":[{"id":2410,"href":"https:\/\/cellieu.fr\/press3\/mairie\/wp-json\/wp\/v2\/pages\/2261\/revisions\/2410"}],"up":[{"embeddable":true,"href":"https:\/\/cellieu.fr\/press3\/mairie\/wp-json\/wp\/v2\/pages\/1176"}],"wp:attachment":[{"href":"https:\/\/cellieu.fr\/press3\/mairie\/wp-json\/wp\/v2\/media?parent=2261"}],"curies":[{"name":"wp","href":"https:\/\/api.w.org\/{rel}","templated":true}]}}