{"id":452,"date":"2014-07-14T22:35:30","date_gmt":"2014-07-14T21:35:30","guid":{"rendered":"http:\/\/cellieu.fr\/press3\/mairie\/?page_id=452"},"modified":"2017-11-23T22:39:17","modified_gmt":"2017-11-23T21:39:17","slug":"presse","status":"publish","type":"page","link":"https:\/\/cellieu.fr\/press3\/mairie\/presse-et-informations\/presse\/","title":{"rendered":"Presse"},"content":{"rendered":"<p>Un grand merci \u00e0 Muriele Chapon qui est notre correspondante \u00e0 <a href=\"http:\/\/www.leprogres.fr\/\" target=\"_blank\" rel=\"noopener\">Le Progr\u00e8s<\/a><\/p>\n<p>Liste des articles par ann\u00e9es sur la commune de Cellieu :<\/p>\n<p><ul class=\"ngg-breadcrumbs\">\n\t\t\t<li class=\"ngg-breadcrumb\">\n\t\t\t\t\t\t\tPresse 2011\t\t\t\t\t\t\t\t<\/li>\n\t<\/ul>\n<div class=\"ngg-albumoverview\">\n\n\t<!-- List of galleries -->\n\t\t\n\t<div class=\"ngg-album-compact\">\n\t\t<div class=\"ngg-album-compactbox\">\n\t\t\t<div class=\"ngg-album-link\">\n\t\t\t\t\t\t\t\t\t<a class=\"Link\" href=\"\n\t\t\t\t\thttps:\/\/cellieu.fr\/press3\/mairie\/presse-et-informations\/presse\/nggallery\/presse\/presse-2016\t\t\t\">\n\t\t\t\t\t\t<img class=\"Thumb\"\n\t\t\t\t\t\t\talt=\"Presse 2016\"\n\t\t\t\t\t\t\tsrc=\"\n\t\t\t\t\t\t\thttps:\/\/cellieu.fr\/press3\/mairie\/wp-content\/uploads\/sites\/2\/nggallery\/presse-2016\/cache\/2016-01-06-acca_belote.jpg-nggid03394-ngg0dyn-91x68-00f0w010c011r110f110r010t010.jpg\t\t\t\t\t\t\"\/>\n\t\t\t\t\t<\/a>\n\t\t\t\t\t\t\t<\/div>\n\t\t<\/div>\n\t\t\t\t\t<h4>\n\t\t\t<a class=\"ngg-album-desc\"\n\t\t\t\ttitle=\"Presse 2016\"\n\t\t\t\thref=\"\n\t\t\t\thttps:\/\/cellieu.fr\/press3\/mairie\/presse-et-informations\/presse\/nggallery\/presse\/presse-2016\t\t\t\"\n\t\t\t\tstyle=\"max-width: 111px\"\t\t\t\t>\n\t\t\t\tPresse 2016\t\t\t<\/a>\n\t\t<\/h4>\n\t\t<p class=\"ngg-album-gallery-image-counter\">\n\t\t\t\t\t\t\t<strong>23<\/strong>&nbsp;Photos\t\t\t\t\t<\/p>\n\t<\/div>\n\n\t\n\t<div class=\"ngg-album-compact\">\n\t\t<div class=\"ngg-album-compactbox\">\n\t\t\t<div class=\"ngg-album-link\">\n\t\t\t\t\t\t\t\t\t<a class=\"Link\" href=\"\n\t\t\t\t\thttps:\/\/cellieu.fr\/press3\/mairie\/presse-et-informations\/presse\/nggallery\/presse\/presse-2015\t\t\t\">\n\t\t\t\t\t\t<img class=\"Thumb\"\n\t\t\t\t\t\t\talt=\"Presse 2015\"\n\t\t\t\t\t\t\tsrc=\"\n\t\t\t\t\t\t\thttps:\/\/cellieu.fr\/press3\/mairie\/wp-content\/uploads\/sites\/2\/nggallery\/presse-2015\/cache\/2015-01-01-voeux_marras.jpg-nggid03310-ngg0dyn-91x68-00f0w010c011r110f110r010t010.jpg\t\t\t\t\t\t\"\/>\n\t\t\t\t\t<\/a>\n\t\t\t\t\t\t\t<\/div>\n\t\t<\/div>\n\t\t\t\t\t<h4>\n\t\t\t<a class=\"ngg-album-desc\"\n\t\t\t\ttitle=\"Presse 2015\"\n\t\t\t\thref=\"\n\t\t\t\thttps:\/\/cellieu.fr\/press3\/mairie\/presse-et-informations\/presse\/nggallery\/presse\/presse-2015\t\t\t\"\n\t\t\t\tstyle=\"max-width: 111px\"\t\t\t\t>\n\t\t\t\tPresse 2015\t\t\t<\/a>\n\t\t<\/h4>\n\t\t<p class=\"ngg-album-gallery-image-counter\">\n\t\t\t\t\t\t\t<strong>84<\/strong>&nbsp;Photos\t\t\t\t\t<\/p>\n\t<\/div>\n\n\t\n\t<div class=\"ngg-album-compact\">\n\t\t<div class=\"ngg-album-compactbox\">\n\t\t\t<div class=\"ngg-album-link\">\n\t\t\t\t\t\t\t\t\t<a class=\"Link\" href=\"\n\t\t\t\t\thttps:\/\/cellieu.fr\/press3\/mairie\/presse-et-informations\/presse\/nggallery\/presse\/presse-2014\t\t\t\">\n\t\t\t\t\t\t<img class=\"Thumb\"\n\t\t\t\t\t\t\talt=\"Presse 2014\"\n\t\t\t\t\t\t\tsrc=\"\n\t\t\t\t\t\t\thttps:\/\/cellieu.fr\/press3\/mairie\/wp-content\/uploads\/sites\/2\/nggallery\/presse-2014\/cache\/2014-01-10-bouchut.jpg-nggid03132-ngg0dyn-91x68-00f0w010c011r110f110r010t010.jpg\t\t\t\t\t\t\"\/>\n\t\t\t\t\t<\/a>\n\t\t\t\t\t\t\t<\/div>\n\t\t<\/div>\n\t\t\t\t\t<h4>\n\t\t\t<a class=\"ngg-album-desc\"\n\t\t\t\ttitle=\"Presse 2014\"\n\t\t\t\thref=\"\n\t\t\t\thttps:\/\/cellieu.fr\/press3\/mairie\/presse-et-informations\/presse\/nggallery\/presse\/presse-2014\t\t\t\"\n\t\t\t\tstyle=\"max-width: 111px\"\t\t\t\t>\n\t\t\t\tPresse 2014\t\t\t<\/a>\n\t\t<\/h4>\n\t\t<p class=\"ngg-album-gallery-image-counter\">\n\t\t\t\t\t\t\t<strong>74<\/strong>&nbsp;Photos\t\t\t\t\t<\/p>\n\t<\/div>\n\n\t\n\t<div class=\"ngg-album-compact\">\n\t\t<div class=\"ngg-album-compactbox\">\n\t\t\t<div class=\"ngg-album-link\">\n\t\t\t\t\t\t\t\t\t<a class=\"Link\" href=\"\n\t\t\t\t\thttps:\/\/cellieu.fr\/press3\/mairie\/presse-et-informations\/presse\/nggallery\/presse\/presse-2013\t\t\t\">\n\t\t\t\t\t\t<img class=\"Thumb\"\n\t\t\t\t\t\t\talt=\"Presse 2013\"\n\t\t\t\t\t\t\tsrc=\"\n\t\t\t\t\t\t\thttps:\/\/cellieu.fr\/press3\/mairie\/wp-content\/uploads\/sites\/2\/nggallery\/presse-2013\/cache\/2013-01-06-cellieu_voeux.jpg-nggid0262-ngg0dyn-91x68-00f0w010c011r110f110r010t010.jpg\t\t\t\t\t\t\"\/>\n\t\t\t\t\t<\/a>\n\t\t\t\t\t\t\t<\/div>\n\t\t<\/div>\n\t\t\t\t\t<h4>\n\t\t\t<a class=\"ngg-album-desc\"\n\t\t\t\ttitle=\"Presse 2013\"\n\t\t\t\thref=\"\n\t\t\t\thttps:\/\/cellieu.fr\/press3\/mairie\/presse-et-informations\/presse\/nggallery\/presse\/presse-2013\t\t\t\"\n\t\t\t\tstyle=\"max-width: 111px\"\t\t\t\t>\n\t\t\t\tPresse 2013\t\t\t<\/a>\n\t\t<\/h4>\n\t\t<p class=\"ngg-album-gallery-image-counter\">\n\t\t\t\t\t\t\t<strong>70<\/strong>&nbsp;Photos\t\t\t\t\t<\/p>\n\t<\/div>\n\n\t\n\t<div class=\"ngg-album-compact\">\n\t\t<div class=\"ngg-album-compactbox\">\n\t\t\t<div class=\"ngg-album-link\">\n\t\t\t\t\t\t\t\t\t<a class=\"Link\" href=\"\n\t\t\t\t\thttps:\/\/cellieu.fr\/press3\/mairie\/presse-et-informations\/presse\/nggallery\/presse\/presse-2012\t\t\t\">\n\t\t\t\t\t\t<img class=\"Thumb\"\n\t\t\t\t\t\t\talt=\"Presse 2012\"\n\t\t\t\t\t\t\tsrc=\"\n\t\t\t\t\t\t\thttps:\/\/cellieu.fr\/press3\/mairie\/wp-content\/uploads\/sites\/2\/nggallery\/presse-2012\/cache\/2012-01-06-cellieu-voeux-mr-le-maire.jpg-nggid0214-ngg0dyn-91x68-00f0w010c011r110f110r010t010.jpg\t\t\t\t\t\t\"\/>\n\t\t\t\t\t<\/a>\n\t\t\t\t\t\t\t<\/div>\n\t\t<\/div>\n\t\t\t\t\t<h4>\n\t\t\t<a class=\"ngg-album-desc\"\n\t\t\t\ttitle=\"Presse 2012\"\n\t\t\t\thref=\"\n\t\t\t\thttps:\/\/cellieu.fr\/press3\/mairie\/presse-et-informations\/presse\/nggallery\/presse\/presse-2012\t\t\t\"\n\t\t\t\tstyle=\"max-width: 111px\"\t\t\t\t>\n\t\t\t\tPresse 2012\t\t\t<\/a>\n\t\t<\/h4>\n\t\t<p class=\"ngg-album-gallery-image-counter\">\n\t\t\t\t\t\t\t<strong>48<\/strong>&nbsp;Photos\t\t\t\t\t<\/p>\n\t<\/div>\n\n\t\n\t<div class=\"ngg-album-compact\">\n\t\t<div class=\"ngg-album-compactbox\">\n\t\t\t<div class=\"ngg-album-link\">\n\t\t\t\t\t\t\t\t\t<a class=\"Link\" href=\"\n\t\t\t\t\thttps:\/\/cellieu.fr\/press3\/mairie\/presse-et-informations\/presse\/nggallery\/presse\/presse-2011\t\t\t\">\n\t\t\t\t\t\t<img class=\"Thumb\"\n\t\t\t\t\t\t\talt=\"Presse 2011\"\n\t\t\t\t\t\t\tsrc=\"\n\t\t\t\t\t\t\thttps:\/\/cellieu.fr\/press3\/mairie\/wp-content\/uploads\/sites\/2\/nggallery\/presse-2011\/cache\/2011-12-16-cellieu-don-du-sang.jpg-nggid011-ngg0dyn-91x68-00f0w010c011r110f110r010t010.jpg\t\t\t\t\t\t\"\/>\n\t\t\t\t\t<\/a>\n\t\t\t\t\t\t\t<\/div>\n\t\t<\/div>\n\t\t\t\t\t<h4>\n\t\t\t<a class=\"ngg-album-desc\"\n\t\t\t\ttitle=\"Presse 2011\"\n\t\t\t\thref=\"\n\t\t\t\thttps:\/\/cellieu.fr\/press3\/mairie\/presse-et-informations\/presse\/nggallery\/presse\/presse-2011\t\t\t\"\n\t\t\t\tstyle=\"max-width: 111px\"\t\t\t\t>\n\t\t\t\tPresse 2011\t\t\t<\/a>\n\t\t<\/h4>\n\t\t<p class=\"ngg-album-gallery-image-counter\">\n\t\t\t\t\t\t\t<strong>13<\/strong>&nbsp;Photos\t\t\t\t\t<\/p>\n\t<\/div>\n\n\t\n\t<!-- Pagination -->\n\t<br class=\"ngg-clear\"\/>\n\t\t<div class='ngg-clear'><\/div><\/div>\n\n\t<\/p>\n<p>&nbsp;<\/p>\n<p>Les derniers articles du Progr\u00e8s qui parlent de Cellieu et alentours :<\/p>\n<p>&nbsp;<\/p>\n<p>[feedzy-rss feeds=&#8221;http:\/\/www.leprogres.fr\/loire-42-edition-gier\/rss&#8221; max=&#8221;10&#8243; feed_title=&#8221;no&#8221; target=&#8221;_blank&#8221; refresh=&#8221;12_hours&#8221; title=&#8221;150&#8243; meta=&#8221;yes&#8221; summary=&#8221;yes&#8221; summarylength=&#8221;300&#8243; thumb=&#8221;yes&#8221; size=&#8221;100&#8243; keywords_title=&#8221;Le Progres&#8221;]<\/p>\n","protected":false},"excerpt":{"rendered":"<p>Un grand merci \u00e0 Muriele Chapon qui est notre correspondante \u00e0 Le Progr\u00e8s Liste des articles par ann\u00e9es sur la commune de Cellieu : Presse 2011 Presse 2016 23&nbsp;Photos Presse 2015 84&nbsp;Photos Presse 2014 74&nbsp;Photos Presse 2013 70&nbsp;Photos Presse 2012 48&nbsp;Photos Presse 2011 13&nbsp;Photos &nbsp; Les derniers articles du Progr\u00e8s qui parlent de Cellieu et [&hellip;]<\/p>\n","protected":false},"author":2,"featured_media":0,"parent":983,"menu_order":0,"comment_status":"closed","ping_status":"closed","template":"","meta":{"wikipediapreview_detectlinks":true,"ngg_post_thumbnail":0,"footnotes":""},"class_list":["post-452","page","type-page","status-publish","hentry"],"jetpack_sharing_enabled":true,"_links":{"self":[{"href":"https:\/\/cellieu.fr\/press3\/mairie\/wp-json\/wp\/v2\/pages\/452","targetHints":{"allow":["GET"]}}],"collection":[{"href":"https:\/\/cellieu.fr\/press3\/mairie\/wp-json\/wp\/v2\/pages"}],"about":[{"href":"https:\/\/cellieu.fr\/press3\/mairie\/wp-json\/wp\/v2\/types\/page"}],"author":[{"embeddable":true,"href":"https:\/\/cellieu.fr\/press3\/mairie\/wp-json\/wp\/v2\/users\/2"}],"replies":[{"embeddable":true,"href":"https:\/\/cellieu.fr\/press3\/mairie\/wp-json\/wp\/v2\/comments?post=452"}],"version-history":[{"count":11,"href":"https:\/\/cellieu.fr\/press3\/mairie\/wp-json\/wp\/v2\/pages\/452\/revisions"}],"predecessor-version":[{"id":4447,"href":"https:\/\/cellieu.fr\/press3\/mairie\/wp-json\/wp\/v2\/pages\/452\/revisions\/4447"}],"up":[{"embeddable":true,"href":"https:\/\/cellieu.fr\/press3\/mairie\/wp-json\/wp\/v2\/pages\/983"}],"wp:attachment":[{"href":"https:\/\/cellieu.fr\/press3\/mairie\/wp-json\/wp\/v2\/media?parent=452"}],"curies":[{"name":"wp","href":"https:\/\/api.w.org\/{rel}","templated":true}]}}