{"id":462,"date":"2014-07-17T21:08:27","date_gmt":"2014-07-17T20:08:27","guid":{"rendered":"http:\/\/cellieu.fr\/press3\/mairie\/?page_id=462"},"modified":"2022-10-21T22:49:50","modified_gmt":"2022-10-21T21:49:50","slug":"la-commune","status":"publish","type":"page","link":"https:\/\/cellieu.fr\/press3\/mairie\/la-commune\/","title":{"rendered":"Vie communale"},"content":{"rendered":"<h1><a title=\"Vos \u00e9lus\" href=\"https:\/\/cellieu.fr\/press3\/mairie\/la-commune\/vos-elus\/\">Vos \u00e9lus<\/a><\/h1>\n<p>&nbsp;<\/p>\n<h1><a title=\"Comptes rendus\" href=\"https:\/\/cellieu.fr\/press3\/mairie\/la-commune\/comptes-rendus\/\">Comptes rendus<\/a><\/h1>\n<p>&nbsp;<\/p>\n<h1><a title=\"Commissions\" href=\"https:\/\/cellieu.fr\/press3\/mairie\/la-commune\/commissions\/\">Les commissions<\/a><\/h1>\n<p>&nbsp;<\/p>\n<h1><a title=\"Syndicats\" href=\"https:\/\/cellieu.fr\/press3\/mairie\/la-commune\/syndicats\/\">Les syndicats<\/a><\/h1>\n<p>&nbsp;<\/p>\n<h1><a title=\"March\u00e9s Publics\" href=\"https:\/\/cellieu.fr\/press3\/mairie\/la-commune\/marches-publics\/\">Les march\u00e9s publics<\/a><\/h1>\n<p>&nbsp;<\/p>\n<h1><a title=\"Arr\u00eat\u00e9s du Maire\" href=\"https:\/\/cellieu.fr\/press3\/mairie\/la-commune\/arretes-du-maire\/\">Arr\u00eat\u00e9s du Maire<\/a><\/h1>\n<p>&nbsp;<\/p>\n","protected":false},"excerpt":{"rendered":"<p>Vos \u00e9lus &nbsp; Comptes rendus &nbsp; Les commissions &nbsp; Les syndicats &nbsp; Les march\u00e9s publics &nbsp; Arr\u00eat\u00e9s du Maire &nbsp;<\/p>\n","protected":false},"author":2,"featured_media":0,"parent":0,"menu_order":0,"comment_status":"closed","ping_status":"closed","template":"","meta":{"wikipediapreview_detectlinks":true,"ngg_post_thumbnail":0,"footnotes":""},"class_list":["post-462","page","type-page","status-publish","hentry"],"jetpack_sharing_enabled":true,"_links":{"self":[{"href":"https:\/\/cellieu.fr\/press3\/mairie\/wp-json\/wp\/v2\/pages\/462","targetHints":{"allow":["GET"]}}],"collection":[{"href":"https:\/\/cellieu.fr\/press3\/mairie\/wp-json\/wp\/v2\/pages"}],"about":[{"href":"https:\/\/cellieu.fr\/press3\/mairie\/wp-json\/wp\/v2\/types\/page"}],"author":[{"embeddable":true,"href":"https:\/\/cellieu.fr\/press3\/mairie\/wp-json\/wp\/v2\/users\/2"}],"replies":[{"embeddable":true,"href":"https:\/\/cellieu.fr\/press3\/mairie\/wp-json\/wp\/v2\/comments?post=462"}],"version-history":[{"count":7,"href":"https:\/\/cellieu.fr\/press3\/mairie\/wp-json\/wp\/v2\/pages\/462\/revisions"}],"predecessor-version":[{"id":9182,"href":"https:\/\/cellieu.fr\/press3\/mairie\/wp-json\/wp\/v2\/pages\/462\/revisions\/9182"}],"wp:attachment":[{"href":"https:\/\/cellieu.fr\/press3\/mairie\/wp-json\/wp\/v2\/media?parent=462"}],"curies":[{"name":"wp","href":"https:\/\/api.w.org\/{rel}","templated":true}]}}