{"id":465,"date":"2014-07-17T21:09:02","date_gmt":"2014-07-17T20:09:02","guid":{"rendered":"http:\/\/cellieu.fr\/press3\/mairie\/?page_id=465"},"modified":"2026-01-23T15:54:52","modified_gmt":"2026-01-23T14:54:52","slug":"equipements","status":"publish","type":"page","link":"https:\/\/cellieu.fr\/press3\/mairie\/decouvrir\/equipements\/","title":{"rendered":"Equipements et Patrimoine"},"content":{"rendered":"<p>La Commune de Cellieu dispose de nombreux \u00e9quipements, pr\u00eat\u00e9s aux associations, utilis\u00e9s par les \u00e9coles et lou\u00e9s sur demande (contacter le secr\u00e9tariat pour plus d&#8217;informations sur les r\u00e9servations).<\/p>\n<p>La salle omnisports (Roger Farce) et l&#8217;espace de La Favi\u00e8re sont \u00e9quip\u00e9s d&#8217;un d\u00e9fibrillateur semi automatique utilisable par tout le monde.<br \/>\nVoici une courte vid\u00e9o qui explique son fonctionnement : <a href=\"http:\/\/www.dailymotion.com\/video\/x5fgm5_dfibrillateur-aed-zoll-chez-nmmdica_tech\" target=\"_blank\" rel=\"noopener\">D\u00e9fibrillateur AED&nbsp;ZOLL<\/a><\/p>\n<p>&nbsp;<\/p>\n<p>&nbsp;<\/p>\n<p>\u200b<\/p>\n<table class=\"aligncenter\">\n<tbody>\n<tr>\n<td style=\"vertical-align: middle\">\n<h2>La m\u00e9diath\u00e8que Yvan Garrel P\u00f4le culturel<\/h2>\n<\/td>\n<td style=\"vertical-align: middle\">&nbsp;<img loading=\"lazy\" decoding=\"async\" class=\"\" src=\"https:\/\/cellieu.fr\/press3\/mairie\/wp-content\/uploads\/sites\/2\/2025\/12\/accueil-mediatheque.jpg2_.jpg\" alt=\"\" width=\"189\" height=\"87\"><\/td>\n<\/tr>\n<tr>\n<td style=\"vertical-align: middle\">\n<h2><a title=\"Complexe Sportif Cellieu Chagnon\" href=\"https:\/\/cellieu.fr\/press3\/mairie\/decouvrir\/equipements\/complexe-sportif-cellieu-chagnon\/\">Le complexe Sportif de CELLIEU&nbsp;CHAGNON<\/a><\/h2>\n<\/td>\n<td style=\"vertical-align: middle\"><a title=\"Complexe Sportif Cellieu Chagnon\" href=\"https:\/\/cellieu.fr\/press3\/mairie\/decouvrir\/equipements\/complexe-sportif-cellieu-chagnon\/\"><img loading=\"lazy\" decoding=\"async\" class=\"aligncenter size-thumbnail wp-image-770\" src=\"https:\/\/cellieu.fr\/press3\/mairie\/wp-content\/uploads\/sites\/2\/2014\/07\/equipement_complexesportif-150x150.jpg\" alt=\"equipement_complexesportif\" width=\"150\" height=\"150\" srcset=\"https:\/\/cellieu.fr\/press3\/mairie\/wp-content\/uploads\/sites\/2\/2014\/07\/equipement_complexesportif-150x150.jpg 150w, https:\/\/cellieu.fr\/press3\/mairie\/wp-content\/uploads\/sites\/2\/2014\/07\/equipement_complexesportif-144x144.jpg 144w\" sizes=\"auto, (max-width: 150px) 100vw, 150px\" \/><\/a><\/td>\n<\/tr>\n<tr>\n<td style=\"vertical-align: middle\">\n<h2><a title=\"Espace de la Favi\u00e8re\" href=\"https:\/\/cellieu.fr\/press3\/mairie\/decouvrir\/equipements\/espace-de-la-faviere\/\">L&#8217;Espace de la Favi\u00e8re<\/a><\/h2>\n<\/td>\n<td style=\"vertical-align: middle\"><a title=\"Espace de la Favi\u00e8re\" href=\"https:\/\/cellieu.fr\/press3\/mairie\/decouvrir\/equipements\/espace-de-la-faviere\/\"><img loading=\"lazy\" decoding=\"async\" class=\"aligncenter size-thumbnail wp-image-1010\" src=\"https:\/\/cellieu.fr\/press3\/mairie\/wp-content\/uploads\/sites\/2\/2014\/07\/equipement_faviere-150x150.jpg\" alt=\"equipement_faviere\" width=\"150\" height=\"150\" srcset=\"https:\/\/cellieu.fr\/press3\/mairie\/wp-content\/uploads\/sites\/2\/2014\/07\/equipement_faviere-150x150.jpg 150w, https:\/\/cellieu.fr\/press3\/mairie\/wp-content\/uploads\/sites\/2\/2014\/07\/equipement_faviere-144x144.jpg 144w\" sizes=\"auto, (max-width: 150px) 100vw, 150px\" \/><\/a><\/td>\n<\/tr>\n<tr>\n<td style=\"vertical-align: middle\">\n<h2><a title=\"Ecole Alphonse Daudet\" href=\"https:\/\/cellieu.fr\/press3\/mairie\/locations\/ecole-a-daudet\/\">L&#8217;\u00e9cole publique Alphonse&nbsp;Daudet<\/a><\/h2>\n<p>L&#8217;\u00e9cole publique dispose de 6 classes, d&#8217;une salle informatique et de deux cours de r\u00e9cr\u00e9ation.<\/td>\n<td style=\"vertical-align: middle\"><a href=\"https:\/\/cellieu.fr\/press3\/mairie\/wp-content\/uploads\/sites\/2\/2014\/07\/equipement_alphonsedaudet.jpg\"><img loading=\"lazy\" decoding=\"async\" class=\"aligncenter size-thumbnail wp-image-785\" src=\"https:\/\/cellieu.fr\/press3\/mairie\/wp-content\/uploads\/sites\/2\/2014\/07\/equipement_alphonsedaudet-150x150.jpg\" alt=\"equipement_alphonsedaudet\" width=\"150\" height=\"150\" srcset=\"https:\/\/cellieu.fr\/press3\/mairie\/wp-content\/uploads\/sites\/2\/2014\/07\/equipement_alphonsedaudet-150x150.jpg 150w, https:\/\/cellieu.fr\/press3\/mairie\/wp-content\/uploads\/sites\/2\/2014\/07\/equipement_alphonsedaudet-144x144.jpg 144w\" sizes=\"auto, (max-width: 150px) 100vw, 150px\" \/><\/a><\/td>\n<\/tr>\n<tr>\n<td style=\"vertical-align: middle\">\n<h2><a title=\"Ecole Saint Joseph\" href=\"https:\/\/cellieu.fr\/press3\/mairie\/locations\/ecole-saint-joseph\/\">L&#8217;\u00e9cole priv\u00e9e St Joseph<\/a><\/h2>\n<\/td>\n<td style=\"vertical-align: middle\"><a href=\"https:\/\/cellieu.fr\/press3\/mairie\/wp-content\/uploads\/sites\/2\/2015\/01\/equipement_st_joseph_1.png\"><img loading=\"lazy\" decoding=\"async\" class=\"aligncenter size-thumbnail wp-image-2050\" src=\"https:\/\/cellieu.fr\/press3\/mairie\/wp-content\/uploads\/sites\/2\/2015\/01\/equipement_st_joseph_1-150x150.png\" alt=\"equipement_st_joseph_1\" width=\"150\" height=\"150\" srcset=\"https:\/\/cellieu.fr\/press3\/mairie\/wp-content\/uploads\/sites\/2\/2015\/01\/equipement_st_joseph_1-150x150.png 150w, https:\/\/cellieu.fr\/press3\/mairie\/wp-content\/uploads\/sites\/2\/2015\/01\/equipement_st_joseph_1-144x144.png 144w\" sizes=\"auto, (max-width: 150px) 100vw, 150px\" \/><\/a><\/td>\n<\/tr>\n<tr>\n<td style=\"vertical-align: middle\">\n<h2>La maison des associations<\/h2>\n<p>Petite salle pouvant contenir 30 personnes et utilis\u00e9e pour les diff\u00e9rentes r\u00e9unions et<br \/>\nassembl\u00e9es g\u00e9n\u00e9rales des associations du village.<\/p>\n<p>Pour voir les \u00e9v\u00e9nements : <a title=\"Maison des Associations\" href=\"https:\/\/cellieu.fr\/press3\/mairie\/locations\/maison-des-associations\/\">cliquer ici<\/a><\/td>\n<td style=\"vertical-align: middle\"><a href=\"https:\/\/cellieu.fr\/press3\/mairie\/wp-content\/uploads\/sites\/2\/2014\/07\/equipement_maisonassoc.jpg\"><img loading=\"lazy\" decoding=\"async\" class=\"aligncenter wp-image-780 size-thumbnail\" src=\"https:\/\/cellieu.fr\/press3\/mairie\/wp-content\/uploads\/sites\/2\/2014\/07\/equipement_maisonassoc-150x150.jpg\" alt=\"equipement_maisonassoc\" width=\"150\" height=\"150\" srcset=\"https:\/\/cellieu.fr\/press3\/mairie\/wp-content\/uploads\/sites\/2\/2014\/07\/equipement_maisonassoc-150x150.jpg 150w, https:\/\/cellieu.fr\/press3\/mairie\/wp-content\/uploads\/sites\/2\/2014\/07\/equipement_maisonassoc-144x144.jpg 144w\" sizes=\"auto, (max-width: 150px) 100vw, 150px\" \/><\/a><\/td>\n<\/tr>\n<tr>\n<td style=\"vertical-align: middle\">\n<h2>&nbsp;<\/h2>\n<h2>La salle du conseil<\/h2>\n<p>Salle \u00e0 l&#8217;int\u00e9rieur de la mairie utilis\u00e9e pour les conseils municipaux, les mariages et les diff\u00e9rentes r\u00e9unions de la Mairie.<\/p>\n<p>Pour voir les \u00e9v\u00e9nements : <a title=\"Salle du Conseil\" href=\"https:\/\/cellieu.fr\/press3\/mairie\/locations\/salle-du-conseil\/\">cliquer ici<\/a><\/td>\n<td style=\"vertical-align: middle\"><a href=\"https:\/\/cellieu.fr\/press3\/mairie\/wp-content\/uploads\/sites\/2\/2014\/07\/equipement_conseil.jpg\"><img loading=\"lazy\" decoding=\"async\" class=\"aligncenter size-thumbnail wp-image-1002\" src=\"https:\/\/cellieu.fr\/press3\/mairie\/wp-content\/uploads\/sites\/2\/2014\/07\/equipement_conseil-150x150.jpg\" alt=\"equipement_conseil\" width=\"150\" height=\"150\" srcset=\"https:\/\/cellieu.fr\/press3\/mairie\/wp-content\/uploads\/sites\/2\/2014\/07\/equipement_conseil-150x150.jpg 150w, https:\/\/cellieu.fr\/press3\/mairie\/wp-content\/uploads\/sites\/2\/2014\/07\/equipement_conseil-144x144.jpg 144w\" sizes=\"auto, (max-width: 150px) 100vw, 150px\" \/><\/a><\/td>\n<\/tr>\n<tr>\n<td style=\"vertical-align: middle\">\n<h2>Le parc de jeux pour enfants<\/h2>\n<p>Le parc a \u00e9t\u00e9 r\u00e9nov\u00e9 en 2014. Il est situ\u00e9 pr\u00e8s de l&#8217;\u00e9glise.<\/td>\n<td style=\"vertical-align: middle\"><a href=\"https:\/\/cellieu.fr\/press3\/mairie\/wp-content\/uploads\/sites\/2\/2014\/07\/equipement_jeux_enfants.jpg\"><img loading=\"lazy\" decoding=\"async\" class=\"aligncenter size-thumbnail wp-image-787\" src=\"https:\/\/cellieu.fr\/press3\/mairie\/wp-content\/uploads\/sites\/2\/2014\/07\/equipement_jeux_enfants-150x150.jpg\" alt=\"equipement_jeux_enfants\" width=\"150\" height=\"150\"><\/a><\/td>\n<\/tr>\n<tr>\n<td style=\"vertical-align: middle\">\n<h2><a href=\"https:\/\/cellieu.fr\/press3\/mairie\/decouvrir\/equipements\/borne-de-recharge-des-vehicules-electriques\/\">La borne de recharge pour v\u00e9hicules \u00e9lectriques<\/a><\/h2>\n<p>Situ\u00e9e sur la place de Verdun<\/td>\n<td style=\"vertical-align: middle\"><a href=\"https:\/\/cellieu.fr\/press3\/mairie\/wp-content\/uploads\/sites\/2\/2018\/09\/2018-09-bornes_recharge_h-e1536943692167.jpg\"><img loading=\"lazy\" decoding=\"async\" class=\"aligncenter wp-image-5009 size-thumbnail\" src=\"https:\/\/cellieu.fr\/press3\/mairie\/wp-content\/uploads\/sites\/2\/2018\/09\/2018-09-bornes_recharge_h-e1536943692167-150x150.jpg\" alt=\"\" width=\"150\" height=\"150\" srcset=\"https:\/\/cellieu.fr\/press3\/mairie\/wp-content\/uploads\/sites\/2\/2018\/09\/2018-09-bornes_recharge_h-e1536943692167-150x150.jpg 150w, https:\/\/cellieu.fr\/press3\/mairie\/wp-content\/uploads\/sites\/2\/2018\/09\/2018-09-bornes_recharge_h-e1536943692167-144x144.jpg 144w\" sizes=\"auto, (max-width: 150px) 100vw, 150px\" \/><\/a><\/td>\n<\/tr>\n<tr>\n<td style=\"vertical-align: middle\">\n<h2>Le Centre Nautique du Pays du Gier<\/h2>\n<p>La piscine est situ\u00e9e \u00e0 G\u00e9nilac&nbsp;et est g\u00e9r\u00e9e en intercommunalit\u00e9.<\/p>\n<p>Les Cellieutaires ont un prix d&#8217;entr\u00e9e pr\u00e9f\u00e9rentiel.<\/p>\n<p>Pour plus d&#8217;information, voir la page des <a title=\"Liens\" href=\"https:\/\/cellieu.fr\/press3\/mairie\/contact\/liens\/\">liens<\/a>.<\/td>\n<td style=\"vertical-align: middle\"><a href=\"https:\/\/cellieu.fr\/press3\/mairie\/wp-content\/uploads\/sites\/2\/2014\/07\/equipement_piscine.jpg\"><img loading=\"lazy\" decoding=\"async\" class=\"aligncenter size-thumbnail wp-image-787\" src=\"https:\/\/cellieu.fr\/press3\/mairie\/wp-content\/uploads\/sites\/2\/2014\/07\/equipement_piscine-150x150.jpg\" alt=\"equipement_piscine\" width=\"150\" height=\"150\"><\/a><\/td>\n<\/tr>\n<tr>\n<td style=\"vertical-align: middle\">\n<h2>&nbsp;<\/h2>\n<h2>Le secr\u00e9tariat<\/h2>\n<p>C&#8217;est le secr\u00e9tariat de la mairie.<\/td>\n<td style=\"vertical-align: middle\"><a href=\"https:\/\/cellieu.fr\/press3\/mairie\/wp-content\/uploads\/sites\/2\/2014\/07\/equipement_secretariat.jpg\"><img loading=\"lazy\" decoding=\"async\" class=\"aligncenter size-thumbnail wp-image-1015\" src=\"https:\/\/cellieu.fr\/press3\/mairie\/wp-content\/uploads\/sites\/2\/2014\/07\/equipement_secretariat-150x150.jpg\" alt=\"equipement_secretariat\" width=\"150\" height=\"150\" srcset=\"https:\/\/cellieu.fr\/press3\/mairie\/wp-content\/uploads\/sites\/2\/2014\/07\/equipement_secretariat-150x150.jpg 150w, https:\/\/cellieu.fr\/press3\/mairie\/wp-content\/uploads\/sites\/2\/2014\/07\/equipement_secretariat-144x144.jpg 144w\" sizes=\"auto, (max-width: 150px) 100vw, 150px\" \/><\/a><\/td>\n<\/tr>\n<tr>\n<td style=\"vertical-align: middle\">\n<h2>Le stade de Jeanne d&#8217;Arc<\/h2>\n<p>C&#8217;est l&#8217;ancien stade de foot en herbe. Il est aujourd&#8217;hui rarement utilis\u00e9.<\/td>\n<td style=\"vertical-align: middle\"><a href=\"https:\/\/cellieu.fr\/press3\/mairie\/wp-content\/uploads\/sites\/2\/2014\/07\/equipement_ancienstade.jpg\"><img loading=\"lazy\" decoding=\"async\" class=\"aligncenter size-thumbnail wp-image-787\" src=\"https:\/\/cellieu.fr\/press3\/mairie\/wp-content\/uploads\/sites\/2\/2014\/07\/equipement_ancienstade-150x150.jpg\" alt=\"equipement_ancienstade\" width=\"150\" height=\"150\" srcset=\"https:\/\/cellieu.fr\/press3\/mairie\/wp-content\/uploads\/sites\/2\/2014\/07\/equipement_ancienstade-150x150.jpg 150w, https:\/\/cellieu.fr\/press3\/mairie\/wp-content\/uploads\/sites\/2\/2014\/07\/equipement_ancienstade-144x144.jpg 144w\" sizes=\"auto, (max-width: 150px) 100vw, 150px\" \/><\/a><\/td>\n<\/tr>\n<tr>\n<td style=\"vertical-align: middle\">\n<h2><a title=\"eglise\" href=\"https:\/\/cellieu.fr\/press3\/mairie\/decouvrir\/equipements\/eglise\/\">L&#8217;\u00e9glise<\/a><\/h2>\n<p>La commune g\u00e8re l&#8217;\u00e9glise.<\/td>\n<td style=\"vertical-align: middle\"><a title=\"Culte\" href=\"https:\/\/cellieu.fr\/press3\/mairie\/decouvrir\/equipements\/eglise\/\"><img loading=\"lazy\" decoding=\"async\" class=\"aligncenter size-thumbnail wp-image-1003\" src=\"https:\/\/cellieu.fr\/press3\/mairie\/wp-content\/uploads\/sites\/2\/2014\/07\/equipement_eglise_1-150x150.jpg\" alt=\"equipement_eglise_1\" width=\"150\" height=\"150\" srcset=\"https:\/\/cellieu.fr\/press3\/mairie\/wp-content\/uploads\/sites\/2\/2014\/07\/equipement_eglise_1-150x150.jpg 150w, https:\/\/cellieu.fr\/press3\/mairie\/wp-content\/uploads\/sites\/2\/2014\/07\/equipement_eglise_1-144x144.jpg 144w\" sizes=\"auto, (max-width: 150px) 100vw, 150px\" \/><\/a><\/td>\n<\/tr>\n<tr>\n<td style=\"vertical-align: middle\">\n<h2><a title=\"croix\" href=\"https:\/\/cellieu.fr\/press3\/mairie\/decouvrir\/equipements\/croix\/\">Les croix<\/a><\/h2>\n<p>De nombreuses croix sont r\u00e9parties sur la commune.<\/td>\n<td style=\"vertical-align: middle\"><a title=\"Croix\" href=\"https:\/\/cellieu.fr\/press3\/mairie\/decouvrir\/equipements\/croix\/\"><img loading=\"lazy\" decoding=\"async\" class=\"aligncenter size-thumbnail wp-image-1003\" src=\"https:\/\/cellieu.fr\/press3\/mairie\/wp-content\/uploads\/sites\/2\/2014\/07\/equipement_croix_blanche-150x150.jpg\" alt=\"equipement_croix_blanche\" width=\"150\" height=\"150\"><\/a><\/td>\n<\/tr>\n<tr>\n<td style=\"vertical-align: middle\">\n<h2>Le cimeti\u00e8re<\/h2>\n<p>Le cimeti\u00e8re dispose aujourd&#8217;hui d&#8217;un jardin du souvenir et d&#8217;un columbarium.<\/td>\n<td style=\"vertical-align: middle\"><a href=\"https:\/\/cellieu.fr\/press3\/mairie\/wp-content\/uploads\/sites\/2\/2014\/07\/equipement_cimetiere.jpg\"><img loading=\"lazy\" decoding=\"async\" class=\"aligncenter size-thumbnail wp-image-769\" src=\"https:\/\/cellieu.fr\/press3\/mairie\/wp-content\/uploads\/sites\/2\/2014\/07\/equipement_cimetiere-150x150.jpg\" alt=\"equipement_cimetiere\" width=\"150\" height=\"150\" srcset=\"https:\/\/cellieu.fr\/press3\/mairie\/wp-content\/uploads\/sites\/2\/2014\/07\/equipement_cimetiere-150x150.jpg 150w, https:\/\/cellieu.fr\/press3\/mairie\/wp-content\/uploads\/sites\/2\/2014\/07\/equipement_cimetiere-144x144.jpg 144w\" sizes=\"auto, (max-width: 150px) 100vw, 150px\" \/><\/a><\/td>\n<\/tr>\n<tr>\n<td style=\"vertical-align: middle\">\n<h2><a href=\"https:\/\/cellieu.fr\/press3\/mairie\/wp-content\/uploads\/sites\/2\/2014\/07\/2014-12-Monuments_aux_morts_de_Cellieu.pdf\" target=\"_blank\" rel=\"noopener\">Le monument aux morts<\/a><\/h2>\n<p>Le monument aux morts se situe place de Verdun, il liste les noms des enfants de Cellieu mort pour la France.<\/p>\n<p>Pour t\u00e9l\u00e9charger l&#8217;\u00e9tude sur les monuments aux morts de la commune de Marie-Claude Maras, cliquer <a href=\"https:\/\/cellieu.fr\/press3\/mairie\/wp-content\/uploads\/sites\/2\/2014\/07\/2014-12-Monuments_aux_morts_de_Cellieu.pdf\" target=\"_blank\" rel=\"noopener\">ici<\/a><\/td>\n<td style=\"vertical-align: middle\"><a href=\"https:\/\/cellieu.fr\/press3\/mairie\/wp-content\/uploads\/sites\/2\/2014\/07\/2014-12-Monuments_aux_morts_de_Cellieu.pdf\" target=\"_blank\" rel=\"noopener\"><img loading=\"lazy\" decoding=\"async\" class=\"aligncenter size-thumbnail wp-image-769\" src=\"https:\/\/cellieu.fr\/press3\/mairie\/wp-content\/uploads\/sites\/2\/2014\/12\/2014-11-11-monument_morts-300x225.jpg\" alt=\"2014-11-11-monument_morts\" width=\"150\" height=\"150\"><\/a><\/td>\n<\/tr>\n<\/tbody>\n<\/table>\n","protected":false},"excerpt":{"rendered":"<p>La Commune de Cellieu dispose de nombreux \u00e9quipements, pr\u00eat\u00e9s aux associations, utilis\u00e9s par les \u00e9coles et lou\u00e9s sur demande (contacter le secr\u00e9tariat pour plus d&#8217;informations sur les r\u00e9servations). La salle omnisports (Roger Farce) et l&#8217;espace de La Favi\u00e8re sont \u00e9quip\u00e9s d&#8217;un d\u00e9fibrillateur semi automatique utilisable par tout le monde. Voici une courte vid\u00e9o qui explique [&hellip;]<\/p>\n","protected":false},"author":2,"featured_media":0,"parent":507,"menu_order":0,"comment_status":"closed","ping_status":"closed","template":"","meta":{"wikipediapreview_detectlinks":true,"ngg_post_thumbnail":0,"footnotes":""},"class_list":["post-465","page","type-page","status-publish","hentry"],"jetpack_sharing_enabled":true,"_links":{"self":[{"href":"https:\/\/cellieu.fr\/press3\/mairie\/wp-json\/wp\/v2\/pages\/465","targetHints":{"allow":["GET"]}}],"collection":[{"href":"https:\/\/cellieu.fr\/press3\/mairie\/wp-json\/wp\/v2\/pages"}],"about":[{"href":"https:\/\/cellieu.fr\/press3\/mairie\/wp-json\/wp\/v2\/types\/page"}],"author":[{"embeddable":true,"href":"https:\/\/cellieu.fr\/press3\/mairie\/wp-json\/wp\/v2\/users\/2"}],"replies":[{"embeddable":true,"href":"https:\/\/cellieu.fr\/press3\/mairie\/wp-json\/wp\/v2\/comments?post=465"}],"version-history":[{"count":63,"href":"https:\/\/cellieu.fr\/press3\/mairie\/wp-json\/wp\/v2\/pages\/465\/revisions"}],"predecessor-version":[{"id":14530,"href":"https:\/\/cellieu.fr\/press3\/mairie\/wp-json\/wp\/v2\/pages\/465\/revisions\/14530"}],"up":[{"embeddable":true,"href":"https:\/\/cellieu.fr\/press3\/mairie\/wp-json\/wp\/v2\/pages\/507"}],"wp:attachment":[{"href":"https:\/\/cellieu.fr\/press3\/mairie\/wp-json\/wp\/v2\/media?parent=465"}],"curies":[{"name":"wp","href":"https:\/\/api.w.org\/{rel}","templated":true}]}}