{"id":504,"date":"2014-07-17T21:19:10","date_gmt":"2014-07-17T20:19:10","guid":{"rendered":"http:\/\/cellieu.fr\/press3\/mairie\/?page_id=504"},"modified":"2026-01-26T16:35:05","modified_gmt":"2026-01-26T15:35:05","slug":"enfance-et-jeunesse","status":"publish","type":"page","link":"https:\/\/cellieu.fr\/press3\/mairie\/enfance-et-jeunesse\/","title":{"rendered":"Enfance et Jeunesse"},"content":{"rendered":"<h1><a href=\"https:\/\/cellieu.fr\/press3\/mairie\/wp-content\/uploads\/sites\/2\/2026\/01\/2025-26-reglement_interieur.pdf\">r\u00e8glement int\u00e9rieur 2025-2026<\/a><\/h1>\n<h1><a title=\"Portail Parents\" href=\"https:\/\/cellieu.fr\/press3\/mairie\/enfance-et-jeunesse\/portail-parents\/\">Acc\u00e8s au Portail Parent<\/a><\/h1>\n<p>&nbsp;<\/p>\n<h1><a title=\"Restauration Scolaire\" href=\"https:\/\/cellieu.fr\/press3\/mairie\/enfance-et-jeunesse\/restauration-scolaire\/\">La\u00a0restauration scolaire<\/a><\/h1>\n<p>&nbsp;<\/p>\n<h1><a href=\"https:\/\/cellieu.fr\/press3\/mairie\/enfance-et-jeunesse\/ecoles-sur-la-commune\/\">Les \u00e9coles\u00a0sur la commune<\/a><\/h1>\n<p>&nbsp;<\/p>\n<h1><a title=\"Centre de Loisirs\" href=\"https:\/\/cellieu.fr\/press3\/mairie\/enfance-et-jeunesse\/centre-de-loisirs\/\">Le centre de loisirs<\/a><\/h1>\n","protected":false},"excerpt":{"rendered":"<p>r\u00e8glement int\u00e9rieur 2025-2026 Acc\u00e8s au Portail Parent &nbsp; La\u00a0restauration scolaire &nbsp; Les \u00e9coles\u00a0sur la commune &nbsp; Le centre de loisirs<\/p>\n","protected":false},"author":2,"featured_media":0,"parent":0,"menu_order":0,"comment_status":"closed","ping_status":"open","template":"","meta":{"wikipediapreview_detectlinks":true,"ngg_post_thumbnail":0,"footnotes":""},"class_list":["post-504","page","type-page","status-publish","hentry"],"jetpack_sharing_enabled":true,"_links":{"self":[{"href":"https:\/\/cellieu.fr\/press3\/mairie\/wp-json\/wp\/v2\/pages\/504","targetHints":{"allow":["GET"]}}],"collection":[{"href":"https:\/\/cellieu.fr\/press3\/mairie\/wp-json\/wp\/v2\/pages"}],"about":[{"href":"https:\/\/cellieu.fr\/press3\/mairie\/wp-json\/wp\/v2\/types\/page"}],"author":[{"embeddable":true,"href":"https:\/\/cellieu.fr\/press3\/mairie\/wp-json\/wp\/v2\/users\/2"}],"replies":[{"embeddable":true,"href":"https:\/\/cellieu.fr\/press3\/mairie\/wp-json\/wp\/v2\/comments?post=504"}],"version-history":[{"count":14,"href":"https:\/\/cellieu.fr\/press3\/mairie\/wp-json\/wp\/v2\/pages\/504\/revisions"}],"predecessor-version":[{"id":14696,"href":"https:\/\/cellieu.fr\/press3\/mairie\/wp-json\/wp\/v2\/pages\/504\/revisions\/14696"}],"wp:attachment":[{"href":"https:\/\/cellieu.fr\/press3\/mairie\/wp-json\/wp\/v2\/media?parent=504"}],"curies":[{"name":"wp","href":"https:\/\/api.w.org\/{rel}","templated":true}]}}