{"id":507,"date":"2014-07-17T21:24:03","date_gmt":"2014-07-17T20:24:03","guid":{"rendered":"http:\/\/cellieu.fr\/press3\/mairie\/?page_id=507"},"modified":"2024-08-03T21:23:31","modified_gmt":"2024-08-03T20:23:31","slug":"decouvrir","status":"publish","type":"page","link":"https:\/\/cellieu.fr\/press3\/mairie\/decouvrir\/","title":{"rendered":"D\u00e9couvrir"},"content":{"rendered":"<h1><a title=\"Histoire\" href=\"https:\/\/cellieu.fr\/press3\/mairie\/decouvrir\/histoire\/\">L&#8217;histoire de Cellieu<\/a><\/h1>\n<p>&nbsp;<\/p>\n<h1><a title=\"Equipements et Patrimoine\" href=\"https:\/\/cellieu.fr\/press3\/mairie\/decouvrir\/equipements\/\">Les \u00e9quipements publics&nbsp;et notre patrimoine<\/a><\/h1>\n<p>&nbsp;<\/p>\n<h1><a title=\"Commerces et Sant\u00e9\" href=\"https:\/\/cellieu.fr\/press3\/mairie\/decouvrir\/commerces\/\">Les commerces et les professionnels de la sant\u00e9<\/a><\/h1>\n<p>&nbsp;<\/p>\n<h1><a title=\"Associations\" href=\"https:\/\/cellieu.fr\/press3\/mairie\/decouvrir\/associations\/\">Les associations<\/a><\/h1>\n<p>&nbsp;<\/p>\n<h1><a title=\"Entreprises\" href=\"https:\/\/cellieu.fr\/press3\/mairie\/decouvrir\/entreprises\/\">Les entreprises<\/a><\/h1>\n<p>&nbsp;<\/p>\n<h1><a href=\"https:\/\/cellieu.fr\/press3\/mairie\/chemins-de-randonnees\/\">Les chemins de randonn\u00e9es<\/a><\/h1>\n<h1>&nbsp;<\/h1>\n","protected":false},"excerpt":{"rendered":"<p>L&#8217;histoire de Cellieu &nbsp; Les \u00e9quipements publics&nbsp;et notre patrimoine &nbsp; Les commerces et les professionnels de la sant\u00e9 &nbsp; Les associations &nbsp; Les entreprises &nbsp; Les chemins de randonn\u00e9es &nbsp;<\/p>\n","protected":false},"author":2,"featured_media":0,"parent":0,"menu_order":0,"comment_status":"closed","ping_status":"closed","template":"","meta":{"wikipediapreview_detectlinks":true,"ngg_post_thumbnail":0,"footnotes":""},"class_list":["post-507","page","type-page","status-publish","hentry"],"jetpack_sharing_enabled":true,"_links":{"self":[{"href":"https:\/\/cellieu.fr\/press3\/mairie\/wp-json\/wp\/v2\/pages\/507","targetHints":{"allow":["GET"]}}],"collection":[{"href":"https:\/\/cellieu.fr\/press3\/mairie\/wp-json\/wp\/v2\/pages"}],"about":[{"href":"https:\/\/cellieu.fr\/press3\/mairie\/wp-json\/wp\/v2\/types\/page"}],"author":[{"embeddable":true,"href":"https:\/\/cellieu.fr\/press3\/mairie\/wp-json\/wp\/v2\/users\/2"}],"replies":[{"embeddable":true,"href":"https:\/\/cellieu.fr\/press3\/mairie\/wp-json\/wp\/v2\/comments?post=507"}],"version-history":[{"count":11,"href":"https:\/\/cellieu.fr\/press3\/mairie\/wp-json\/wp\/v2\/pages\/507\/revisions"}],"predecessor-version":[{"id":12053,"href":"https:\/\/cellieu.fr\/press3\/mairie\/wp-json\/wp\/v2\/pages\/507\/revisions\/12053"}],"wp:attachment":[{"href":"https:\/\/cellieu.fr\/press3\/mairie\/wp-json\/wp\/v2\/media?parent=507"}],"curies":[{"name":"wp","href":"https:\/\/api.w.org\/{rel}","templated":true}]}}