{"id":6422,"date":"2020-08-11T13:12:31","date_gmt":"2020-08-11T12:12:31","guid":{"rendered":"https:\/\/cellieu.fr\/press3\/mairie\/?page_id=6422"},"modified":"2026-04-17T14:56:14","modified_gmt":"2026-04-17T13:56:14","slug":"commissions-2","status":"publish","type":"page","link":"https:\/\/cellieu.fr\/press3\/mairie\/la-commune\/commissions-2\/","title":{"rendered":"Commissions"},"content":{"rendered":"<p><em><strong><span style=\"color: #0000ff\">(Page en r\u00e9daction)<\/span><\/strong><\/em><\/p>\n<h2><strong>Commissions : <span style=\"text-decoration: underline;color: #000080\">Communales &#8211; Intercommunalit\u00e9 &#8211; Associations &amp; Syndicats Loire<\/span><\/strong><\/h2>\n<table style=\"width: 76.83%;height: 110px\">\n<tbody>\n<tr style=\"height: 22px\">\n<td style=\"width: 9.32%;height: 22px;text-align: center\"><strong>Commission<\/strong><\/td>\n<td style=\"width: 19.71%;height: 22px;text-align: center\"><strong>Membres<\/strong><\/td>\n<td style=\"width: 19.71%;text-align: center\"><strong>Suppl\u00e9ants<\/strong><\/td>\n<\/tr>\n<tr style=\"height: 44px\">\n<td style=\"width: 9.32%;height: 44px\"><strong>CCAS<\/strong><\/td>\n<td style=\"width: 19.71%;height: 44px\">&nbsp;<\/td>\n<td style=\"width: 19.71%\">&nbsp;<\/td>\n<\/tr>\n<tr>\n<td style=\"width: 9.32%\"><strong>CAO<\/strong><\/td>\n<td style=\"width: 19.71%\">&nbsp;<\/td>\n<td style=\"width: 19.71%\">&nbsp;<\/td>\n<\/tr>\n<tr>\n<td style=\"width: 9.32%\"><b>Liste \u00e9lectorale&nbsp;<\/b><\/td>\n<td style=\"width: 19.71%\">&nbsp;<\/td>\n<td style=\"width: 19.71%\">&nbsp;<\/td>\n<\/tr>\n<tr>\n<td style=\"width: 9.32%\"><b>CCID (Commission Communale des Imp\u00f4ts Direct)&nbsp;<\/b><\/td>\n<td style=\"width: 19.71%\">&nbsp;<\/td>\n<td style=\"width: 19.71%\">&nbsp;<\/td>\n<\/tr>\n<tr>\n<td style=\"width: 9.32%\"><strong><strong>EPURES<span class=\"gs_tkn\">&#8211; <\/span><\/strong><\/strong><strong><strong><span class=\"gs_tkn\">Agence d&#8217;urbanisme des territoires lig\u00e9riens<\/span><\/strong><\/strong><\/td>\n<td style=\"width: 19.71%\">&nbsp;<\/td>\n<td style=\"width: 19.71%\">&nbsp;<\/td>\n<\/tr>\n<tr>\n<td style=\"width: 9.32%\"><strong>SIEL-<span class=\"gs_tkn\">Territoire&nbsp;<\/span><span class=\"gs_tkn\">d&#8217;\u00e9nergie&nbsp;<\/span><span class=\"gs_tkn\">Loire<\/span><\/strong><\/td>\n<td style=\"width: 19.71%\">&nbsp;<\/td>\n<td style=\"width: 19.71%\">&nbsp;<\/td>\n<\/tr>\n<tr>\n<td style=\"width: 9.32%\"><strong>SIARG : Syndicat Intercommunal Aqueduc Romain du Gier<br \/>\n<\/strong><\/td>\n<td style=\"width: 19.71%\">&nbsp;<\/td>\n<td style=\"width: 19.71%\">&nbsp;<\/td>\n<\/tr>\n<\/tbody>\n<\/table>\n<p><em><span style=\"text-align: left;color: #333333;text-transform: none;text-indent: 0px;letter-spacing: normal;font-family: -apple-system,BlinkMacSystemFont,'Segoe UI',Roboto,Oxygen-Sans,Ubuntu,Cantarell,'Helvetica Neue',sans-serif;font-size: 16px;font-variant: normal;font-weight: 400;text-decoration: none;cursor: text;float: none;background-color: #ffffff\">*<\/span> membres ext\u00e9rieurs au conseil municipal<\/em><\/p>\n<h1>Commission <span style=\"text-decoration: underline;color: #000080\">syndicat des Roches<\/span> &#8211; intercommunales Cellieu &#8211; Chagnon<\/h1>\n<p>&nbsp;<\/p>\n<p>&nbsp;<\/p>\n<h1><a href=\"https:\/\/cellieu.fr\/press3\/mairie\/wp-content\/uploads\/sites\/2\/2014\/07\/autres_cite_gruner.jpg\"><img loading=\"lazy\" decoding=\"async\" class=\"size-thumbnail wp-image-1230 alignleft\" src=\"https:\/\/cellieu.fr\/press3\/mairie\/wp-content\/uploads\/sites\/2\/2014\/07\/autres_cite_gruner-150x150.jpg\" alt=\"autres_cite_gruner\" width=\"150\" height=\"150\" srcset=\"https:\/\/cellieu.fr\/press3\/mairie\/wp-content\/uploads\/sites\/2\/2014\/07\/autres_cite_gruner-150x150.jpg 150w, https:\/\/cellieu.fr\/press3\/mairie\/wp-content\/uploads\/sites\/2\/2014\/07\/autres_cite_gruner-144x144.jpg 144w\" sizes=\"auto, (max-width: 150px) 100vw, 150px\" \/><\/a>Commissions de <a title=\"Liens\" href=\"https:\/\/cellieu.fr\/press3\/mairie\/contact\/liens\/\">Saint-Etienne M\u00e9tropole<\/a><\/h1>\n<p>&nbsp;<\/p>\n<p>Conseillers communautaires: Corinne&nbsp;<strong>BESSON-FAYOLLE &#8211;&nbsp;<\/strong>G\u00e9rard&nbsp;<strong>BONJOUR<\/strong><\/p>\n<h1>&nbsp;<\/h1>\n<h1><a href=\"https:\/\/cellieu.fr\/press3\/mairie\/wp-content\/uploads\/sites\/2\/2014\/07\/autres_maison_du_pays_du_gier.jpg\"><img loading=\"lazy\" decoding=\"async\" class=\"size-thumbnail wp-image-1229 alignleft\" src=\"https:\/\/cellieu.fr\/press3\/mairie\/wp-content\/uploads\/sites\/2\/2014\/07\/autres_maison_du_pays_du_gier-150x150.jpg\" alt=\"autres_maison_du_pays_du_gier\" width=\"150\" height=\"150\" srcset=\"https:\/\/cellieu.fr\/press3\/mairie\/wp-content\/uploads\/sites\/2\/2014\/07\/autres_maison_du_pays_du_gier-150x150.jpg 150w, https:\/\/cellieu.fr\/press3\/mairie\/wp-content\/uploads\/sites\/2\/2014\/07\/autres_maison_du_pays_du_gier-144x144.jpg 144w\" sizes=\"auto, (max-width: 150px) 100vw, 150px\" \/><\/a>Commissions du <a title=\"Liens\" href=\"https:\/\/cellieu.fr\/press3\/mairie\/contact\/liens\/\">Pays du Gier (SIPG)<\/a><\/h1>\n<table style=\"width: 49.8734%;height: 256px;border-collapse: collapse\">\n<tbody>\n<tr style=\"height: 67px\">\n<td style=\"width: 667.47%;height: 67px\" colspan=\"2\"><strong><br \/>\n<\/strong><\/p>\n<p style=\"text-align: center\"><strong>M<\/strong><strong>embres du bureau<\/strong><strong><br \/>\n<\/strong><\/p>\n<\/td>\n<\/tr>\n<tr style=\"height: 18px\">\n<td style=\"width: 47.7%;height: 18px;text-align: left\"><strong>Titulaires<\/strong><\/td>\n<td style=\"width: 619.77%;height: 18px;text-align: left\"><strong>Suppl\u00e9antes<\/strong><\/td>\n<\/tr>\n<tr style=\"height: 91px\">\n<td style=\"width: 47.7%;height: 91px\"><strong>BESSON-FAYOLLE<\/strong> Corinne<\/p>\n<p><strong>BONJOUR<\/strong> G\u00e9rard<\/td>\n<td style=\"width: 619.77%;height: 91px\"><strong>&nbsp; BOULAT <\/strong>Fran\u00e7oise<\/p>\n<p><strong>&nbsp; VIRISSEL <\/strong>Fabienne<\/td>\n<\/tr>\n<\/tbody>\n<\/table>\n<p>&nbsp;<\/p>\n<table style=\"width: 61.23%;height: 132px\">\n<tbody>\n<tr style=\"height: 22px\">\n<td style=\"width: 37.21%;height: 22px;text-align: center\"><strong>Commission<\/strong><\/td>\n<td style=\"width: 35.27%;height: 22px;text-align: center\"><strong>Titulaire<\/strong><\/td>\n<td style=\"width: 50.16%;height: 22px;text-align: center\"><strong>Suppl\u00e9ant<\/strong><\/td>\n<\/tr>\n<tr style=\"height: 22px\">\n<td style=\"width: 37.21%;height: 22px\"><strong>Affaires Sociales &#8211; <\/strong><strong>Petite Enfance &#8211; Jeunesse<\/strong><\/td>\n<td style=\"text-align: center;width: 35.27%\">&nbsp;<\/td>\n<td style=\"text-align: center;width: 50.16%\">&nbsp;<\/td>\n<\/tr>\n<tr style=\"height: 22px\">\n<td style=\"width: 37.21%;height: 22px\"><strong>Communication<\/strong><\/td>\n<td style=\"text-align: center;width: 35.27%\">&nbsp;<\/td>\n<td style=\"text-align: center;width: 50.16%\">&nbsp;<\/td>\n<\/tr>\n<tr style=\"height: 22px\">\n<td style=\"width: 37.21%;height: 22px\"><strong>Equipement Nautique<\/strong><\/td>\n<td style=\"text-align: center;width: 35.27%\">&nbsp;<\/td>\n<td style=\"text-align: center;width: 50.16%\">&nbsp;<\/td>\n<\/tr>\n<tr style=\"height: 22px\">\n<td style=\"width: 37.21%;height: 22px\"><strong>Tourisme- Patrimoine-Culture- R\u00e9seau des Biblioth\u00e8ques<\/strong><\/td>\n<td style=\"text-align: center;width: 35.27%\">&nbsp;<\/td>\n<td style=\"text-align: center;width: 50.16%\">&nbsp;<\/td>\n<\/tr>\n<tr style=\"height: 22px\">\n<td style=\"width: 37.21%;height: 22px\"><strong>Finances<\/strong><\/td>\n<td style=\"text-align: center;width: 35.27%\">&nbsp;<\/td>\n<td style=\"text-align: center;width: 50.16%\">&nbsp;<\/td>\n<\/tr>\n<\/tbody>\n<\/table>\n<p>&nbsp;<\/p>\n","protected":false},"excerpt":{"rendered":"<p>(Page en r\u00e9daction) Commissions : Communales &#8211; Intercommunalit\u00e9 &#8211; Associations &amp; Syndicats Loire Commission Membres Suppl\u00e9ants CCAS &nbsp; &nbsp; CAO &nbsp; &nbsp; Liste \u00e9lectorale&nbsp; &nbsp; &nbsp; CCID (Commission Communale des Imp\u00f4ts Direct)&nbsp; &nbsp; &nbsp; EPURES&#8211; Agence d&#8217;urbanisme des territoires lig\u00e9riens &nbsp; &nbsp; SIEL-Territoire&nbsp;d&#8217;\u00e9nergie&nbsp;Loire &nbsp; &nbsp; SIARG : Syndicat Intercommunal Aqueduc Romain du Gier &nbsp; &nbsp; [&hellip;]<\/p>\n","protected":false},"author":5,"featured_media":0,"parent":462,"menu_order":0,"comment_status":"closed","ping_status":"closed","template":"","meta":{"wikipediapreview_detectlinks":true,"ngg_post_thumbnail":0,"footnotes":""},"class_list":["post-6422","page","type-page","status-publish","hentry"],"jetpack_sharing_enabled":true,"_links":{"self":[{"href":"https:\/\/cellieu.fr\/press3\/mairie\/wp-json\/wp\/v2\/pages\/6422","targetHints":{"allow":["GET"]}}],"collection":[{"href":"https:\/\/cellieu.fr\/press3\/mairie\/wp-json\/wp\/v2\/pages"}],"about":[{"href":"https:\/\/cellieu.fr\/press3\/mairie\/wp-json\/wp\/v2\/types\/page"}],"author":[{"embeddable":true,"href":"https:\/\/cellieu.fr\/press3\/mairie\/wp-json\/wp\/v2\/users\/5"}],"replies":[{"embeddable":true,"href":"https:\/\/cellieu.fr\/press3\/mairie\/wp-json\/wp\/v2\/comments?post=6422"}],"version-history":[{"count":25,"href":"https:\/\/cellieu.fr\/press3\/mairie\/wp-json\/wp\/v2\/pages\/6422\/revisions"}],"predecessor-version":[{"id":15054,"href":"https:\/\/cellieu.fr\/press3\/mairie\/wp-json\/wp\/v2\/pages\/6422\/revisions\/15054"}],"up":[{"embeddable":true,"href":"https:\/\/cellieu.fr\/press3\/mairie\/wp-json\/wp\/v2\/pages\/462"}],"wp:attachment":[{"href":"https:\/\/cellieu.fr\/press3\/mairie\/wp-json\/wp\/v2\/media?parent=6422"}],"curies":[{"name":"wp","href":"https:\/\/api.w.org\/{rel}","templated":true}]}}

<p><em><strong><span style="color: #0000ff">(Page en rédaction)</span></strong></em></p>
<h2><strong>Commissions : <span style="text-decoration: underline;color: #000080">Communales &#8211; Intercommunalité &#8211; Associations &amp; Syndicats Loire</span></strong></h2>
<table style="width: 76.83%;height: 110px">
<tbody>
<tr style="height: 22px">
<td style="width: 9.32%;height: 22px;text-align: center"><strong>Commission</strong></td>
<td style="width: 19.71%;height: 22px;text-align: center"><strong>Membres</strong></td>
<td style="width: 19.71%;text-align: center"><strong>Suppléants</strong></td>
</tr>
<tr style="height: 44px">
<td style="width: 9.32%;height: 44px"><strong>CCAS</strong></td>
<td style="width: 19.71%;height: 44px">&nbsp;</td>
<td style="width: 19.71%">&nbsp;</td>
</tr>
<tr>
<td style="width: 9.32%"><strong>CAO</strong></td>
<td style="width: 19.71%">&nbsp;</td>
<td style="width: 19.71%">&nbsp;</td>
</tr>
<tr>
<td style="width: 9.32%"><b>Liste électorale&nbsp;</b></td>
<td style="width: 19.71%">&nbsp;</td>
<td style="width: 19.71%">&nbsp;</td>
</tr>
<tr>
<td style="width: 9.32%"><b>CCID (Commission Communale des Impôts Direct)&nbsp;</b></td>
<td style="width: 19.71%">&nbsp;</td>
<td style="width: 19.71%">&nbsp;</td>
</tr>
<tr>
<td style="width: 9.32%"><strong><strong>EPURES<span class="gs_tkn">&#8211; </span></strong></strong><strong><strong><span class="gs_tkn">Agence d&#8217;urbanisme des territoires ligériens</span></strong></strong></td>
<td style="width: 19.71%">&nbsp;</td>
<td style="width: 19.71%">&nbsp;</td>
</tr>
<tr>
<td style="width: 9.32%"><strong>SIEL-<span class="gs_tkn">Territoire&nbsp;</span><span class="gs_tkn">d&#8217;énergie&nbsp;</span><span class="gs_tkn">Loire</span></strong></td>
<td style="width: 19.71%">&nbsp;</td>
<td style="width: 19.71%">&nbsp;</td>
</tr>
<tr>
<td style="width: 9.32%"><strong>SIARG : Syndicat Intercommunal Aqueduc Romain du Gier<br />
</strong></td>
<td style="width: 19.71%">&nbsp;</td>
<td style="width: 19.71%">&nbsp;</td>
</tr>
</tbody>
</table>
<p><em><span style="text-align: left;color: #333333;text-transform: none;text-indent: 0px;letter-spacing: normal;font-family: -apple-system,BlinkMacSystemFont,'Segoe UI',Roboto,Oxygen-Sans,Ubuntu,Cantarell,'Helvetica Neue',sans-serif;font-size: 16px;font-variant: normal;font-weight: 400;text-decoration: none;cursor: text;float: none;background-color: #ffffff">*</span> membres extérieurs au conseil municipal</em></p>
<h1>Commission <span style="text-decoration: underline;color: #000080">syndicat des Roches</span> &#8211; intercommunales Cellieu &#8211; Chagnon</h1>
<p>&nbsp;</p>
<p>&nbsp;</p>
<h1><a href="https://cellieu.fr/press3/mairie/wp-content/uploads/sites/2/2014/07/autres_cite_gruner.jpg"><img loading="lazy" decoding="async" class="size-thumbnail wp-image-1230 alignleft" src="https://cellieu.fr/press3/mairie/wp-content/uploads/sites/2/2014/07/autres_cite_gruner-150x150.jpg" alt="autres_cite_gruner" width="150" height="150" srcset="https://cellieu.fr/press3/mairie/wp-content/uploads/sites/2/2014/07/autres_cite_gruner-150x150.jpg 150w, https://cellieu.fr/press3/mairie/wp-content/uploads/sites/2/2014/07/autres_cite_gruner-144x144.jpg 144w" sizes="auto, (max-width: 150px) 100vw, 150px" /></a>Commissions de <a title="Liens" href="https://cellieu.fr/press3/mairie/contact/liens/">Saint-Etienne Métropole</a></h1>
<p>&nbsp;</p>
<p>Conseillers communautaires: Corinne&nbsp;<strong>BESSON-FAYOLLE &#8211;&nbsp;</strong>Gérard&nbsp;<strong>BONJOUR</strong></p>
<h1>&nbsp;</h1>
<h1><a href="https://cellieu.fr/press3/mairie/wp-content/uploads/sites/2/2014/07/autres_maison_du_pays_du_gier.jpg"><img loading="lazy" decoding="async" class="size-thumbnail wp-image-1229 alignleft" src="https://cellieu.fr/press3/mairie/wp-content/uploads/sites/2/2014/07/autres_maison_du_pays_du_gier-150x150.jpg" alt="autres_maison_du_pays_du_gier" width="150" height="150" srcset="https://cellieu.fr/press3/mairie/wp-content/uploads/sites/2/2014/07/autres_maison_du_pays_du_gier-150x150.jpg 150w, https://cellieu.fr/press3/mairie/wp-content/uploads/sites/2/2014/07/autres_maison_du_pays_du_gier-144x144.jpg 144w" sizes="auto, (max-width: 150px) 100vw, 150px" /></a>Commissions du <a title="Liens" href="https://cellieu.fr/press3/mairie/contact/liens/">Pays du Gier (SIPG)</a></h1>
<table style="width: 49.8734%;height: 256px;border-collapse: collapse">
<tbody>
<tr style="height: 67px">
<td style="width: 667.47%;height: 67px" colspan="2"><strong><br />
</strong></p>
<p style="text-align: center"><strong>M</strong><strong>embres du bureau</strong><strong><br />
</strong></p>
</td>
</tr>
<tr style="height: 18px">
<td style="width: 47.7%;height: 18px;text-align: left"><strong>Titulaires</strong></td>
<td style="width: 619.77%;height: 18px;text-align: left"><strong>Suppléantes</strong></td>
</tr>
<tr style="height: 91px">
<td style="width: 47.7%;height: 91px"><strong>BESSON-FAYOLLE</strong> Corinne</p>
<p><strong>BONJOUR</strong> Gérard</td>
<td style="width: 619.77%;height: 91px"><strong>&nbsp; BOULAT </strong>Françoise</p>
<p><strong>&nbsp; VIRISSEL </strong>Fabienne</td>
</tr>
</tbody>
</table>
<p>&nbsp;</p>
<table style="width: 61.23%;height: 132px">
<tbody>
<tr style="height: 22px">
<td style="width: 37.21%;height: 22px;text-align: center"><strong>Commission</strong></td>
<td style="width: 35.27%;height: 22px;text-align: center"><strong>Titulaire</strong></td>
<td style="width: 50.16%;height: 22px;text-align: center"><strong>Suppléant</strong></td>
</tr>
<tr style="height: 22px">
<td style="width: 37.21%;height: 22px"><strong>Affaires Sociales &#8211; </strong><strong>Petite Enfance &#8211; Jeunesse</strong></td>
<td style="text-align: center;width: 35.27%">&nbsp;</td>
<td style="text-align: center;width: 50.16%">&nbsp;</td>
</tr>
<tr style="height: 22px">
<td style="width: 37.21%;height: 22px"><strong>Communication</strong></td>
<td style="text-align: center;width: 35.27%">&nbsp;</td>
<td style="text-align: center;width: 50.16%">&nbsp;</td>
</tr>
<tr style="height: 22px">
<td style="width: 37.21%;height: 22px"><strong>Equipement Nautique</strong></td>
<td style="text-align: center;width: 35.27%">&nbsp;</td>
<td style="text-align: center;width: 50.16%">&nbsp;</td>
</tr>
<tr style="height: 22px">
<td style="width: 37.21%;height: 22px"><strong>Tourisme- Patrimoine-Culture- Réseau des Bibliothèques</strong></td>
<td style="text-align: center;width: 35.27%">&nbsp;</td>
<td style="text-align: center;width: 50.16%">&nbsp;</td>
</tr>
<tr style="height: 22px">
<td style="width: 37.21%;height: 22px"><strong>Finances</strong></td>
<td style="text-align: center;width: 35.27%">&nbsp;</td>
<td style="text-align: center;width: 50.16%">&nbsp;</td>
</tr>
</tbody>
</table>
<p>&nbsp;</p>

<p>(Page en rédaction) Commissions : Communales &#8211; Intercommunalité &#8211; Associations &amp; Syndicats Loire Commission Membres Suppléants CCAS &nbsp; &nbsp; CAO &nbsp; &nbsp; Liste électorale&nbsp; &nbsp; &nbsp; CCID (Commission Communale des Impôts Direct)&nbsp; &nbsp; &nbsp; EPURES&#8211; Agence d&#8217;urbanisme des territoires ligériens &nbsp; &nbsp; SIEL-Territoire&nbsp;d&#8217;énergie&nbsp;Loire &nbsp; &nbsp; SIARG : Syndicat Intercommunal Aqueduc Romain du Gier &nbsp; &nbsp; [&hellip;]</p>
