{"id":1353,"date":"2026-04-22T13:21:53","date_gmt":"2026-04-22T13:21:53","guid":{"rendered":"https:\/\/cellieu.fr\/press3\/mptcellieu\/?post_type=evenement&#038;p=1353"},"modified":"2026-04-22T13:38:38","modified_gmt":"2026-04-22T13:38:38","slug":"la-mpt-fete-lete","status":"publish","type":"evenement","link":"https:\/\/cellieu.fr\/press3\/mptcellieu\/evenement\/la-mpt-fete-lete\/","title":{"rendered":"La MPT f\u00eate l&rsquo;\u00e9t\u00e9"},"content":{"rendered":"<p>Retrouvez-nous Place du Village<br \/>\nApportez votre pique-nique<br \/>\nSpectacle ZORRO de la Compagnie Art&rsquo; Sc\u00e8ne \u00e0 partir de 20h\u00a0 &#8211; Entr\u00e9e libre au chapeau<\/p>\n<p>&nbsp;<\/p>\n<p>Repli Salle G Brassens en cas de mauvais temps<\/p>\n","protected":false},"template":"","categories":[18],"class_list":["post-1353","evenement","type-evenement","status-publish","hentry","category-a-la-une"],"acf":[],"_links":{"self":[{"href":"https:\/\/cellieu.fr\/press3\/mptcellieu\/wp-json\/wp\/v2\/evenement\/1353","targetHints":{"allow":["GET"]}}],"collection":[{"href":"https:\/\/cellieu.fr\/press3\/mptcellieu\/wp-json\/wp\/v2\/evenement"}],"about":[{"href":"https:\/\/cellieu.fr\/press3\/mptcellieu\/wp-json\/wp\/v2\/types\/evenement"}],"wp:attachment":[{"href":"https:\/\/cellieu.fr\/press3\/mptcellieu\/wp-json\/wp\/v2\/media?parent=1353"}],"wp:term":[{"taxonomy":"category","embeddable":true,"href":"https:\/\/cellieu.fr\/press3\/mptcellieu\/wp-json\/wp\/v2\/categories?post=1353"}],"curies":[{"name":"wp","href":"https:\/\/api.w.org\/{rel}","templated":true}]}}

La MPT fête l&rsquo;été

<p>Retrouvez-nous Place du Village<br />
Apportez votre pique-nique<br />
Spectacle ZORRO de la Compagnie Art&rsquo; Scène à partir de 20h  &#8211; Entrée libre au chapeau</p>
<p>&nbsp;</p>
<p>Repli Salle G Brassens en cas de mauvais temps</p>
