{"id":1357,"date":"2026-04-22T13:34:38","date_gmt":"2026-04-22T13:34:38","guid":{"rendered":"https:\/\/cellieu.fr\/press3\/mptcellieu\/?post_type=evenement&#038;p=1357"},"modified":"2026-04-22T13:34:38","modified_gmt":"2026-04-22T13:34:38","slug":"soiree-nature-les-arbres-et-leurs-hotes","status":"publish","type":"evenement","link":"https:\/\/cellieu.fr\/press3\/mptcellieu\/evenement\/soiree-nature-les-arbres-et-leurs-hotes\/","title":{"rendered":"Soir\u00e9e nature : Les arbres et leurs h\u00f4tes"},"content":{"rendered":"<p>Soir\u00e9e d\u00e9couverte autour de la nature : des mousses aux mammif\u00e8res en passant par les lichens, les insectes et les oiseaux, finalement l&rsquo;arbre est un \u00e9cosyst\u00e8me \u00e0 part enti\u00e8re<br \/>\nUne soir\u00e9e pour mieux comprendre la richesse et la biodiversit\u00e9 qui vivent autour, dans et sur les arbres<br \/>\nAvec l&rsquo;intervention de Jo\u00ebl Vial de la LPO<\/p>\n<p>Entr\u00e9e libre &#8211; au chapeau<\/p>\n","protected":false},"template":"","categories":[18],"class_list":["post-1357","evenement","type-evenement","status-publish","hentry","category-a-la-une"],"acf":[],"_links":{"self":[{"href":"https:\/\/cellieu.fr\/press3\/mptcellieu\/wp-json\/wp\/v2\/evenement\/1357","targetHints":{"allow":["GET"]}}],"collection":[{"href":"https:\/\/cellieu.fr\/press3\/mptcellieu\/wp-json\/wp\/v2\/evenement"}],"about":[{"href":"https:\/\/cellieu.fr\/press3\/mptcellieu\/wp-json\/wp\/v2\/types\/evenement"}],"wp:attachment":[{"href":"https:\/\/cellieu.fr\/press3\/mptcellieu\/wp-json\/wp\/v2\/media?parent=1357"}],"wp:term":[{"taxonomy":"category","embeddable":true,"href":"https:\/\/cellieu.fr\/press3\/mptcellieu\/wp-json\/wp\/v2\/categories?post=1357"}],"curies":[{"name":"wp","href":"https:\/\/api.w.org\/{rel}","templated":true}]}}

Soirée nature : Les arbres et leurs hôtes

<p>Soirée découverte autour de la nature : des mousses aux mammifères en passant par les lichens, les insectes et les oiseaux, finalement l&rsquo;arbre est un écosystème à part entière<br />
Une soirée pour mieux comprendre la richesse et la biodiversité qui vivent autour, dans et sur les arbres<br />
Avec l&rsquo;intervention de Joël Vial de la LPO</p>
<p>Entrée libre &#8211; au chapeau</p>
