{"id":1359,"date":"2026-04-23T08:17:33","date_gmt":"2026-04-23T08:17:33","guid":{"rendered":"https:\/\/cellieu.fr\/press3\/mptcellieu\/?post_type=evenement&#038;p=1359"},"modified":"2026-04-23T08:20:05","modified_gmt":"2026-04-23T08:20:05","slug":"exposition-des-oeuvres-atelier-dessin-de-la-mpt","status":"publish","type":"evenement","link":"https:\/\/cellieu.fr\/press3\/mptcellieu\/evenement\/exposition-des-oeuvres-atelier-dessin-de-la-mpt\/","title":{"rendered":"EXPOSITION des \u0153uvres Atelier Dessin de la MPT"},"content":{"rendered":"<p>Venez d\u00e9couvrir les toiles, dessins r\u00e9alis\u00e9s par les adh\u00e9rents de l&rsquo;atelier Dessin de la MPT<\/p>\n<p>Vernissage le Samedi 13 juin \u00e0 11h<\/p>\n","protected":false},"template":"","categories":[18],"class_list":["post-1359","evenement","type-evenement","status-publish","hentry","category-a-la-une"],"acf":[],"_links":{"self":[{"href":"https:\/\/cellieu.fr\/press3\/mptcellieu\/wp-json\/wp\/v2\/evenement\/1359","targetHints":{"allow":["GET"]}}],"collection":[{"href":"https:\/\/cellieu.fr\/press3\/mptcellieu\/wp-json\/wp\/v2\/evenement"}],"about":[{"href":"https:\/\/cellieu.fr\/press3\/mptcellieu\/wp-json\/wp\/v2\/types\/evenement"}],"wp:attachment":[{"href":"https:\/\/cellieu.fr\/press3\/mptcellieu\/wp-json\/wp\/v2\/media?parent=1359"}],"wp:term":[{"taxonomy":"category","embeddable":true,"href":"https:\/\/cellieu.fr\/press3\/mptcellieu\/wp-json\/wp\/v2\/categories?post=1359"}],"curies":[{"name":"wp","href":"https:\/\/api.w.org\/{rel}","templated":true}]}}

EXPOSITION des œuvres Atelier Dessin de la MPT

<p>Venez découvrir les toiles, dessins réalisés par les adhérents de l&rsquo;atelier Dessin de la MPT</p>
<p>Vernissage le Samedi 13 juin à 11h</p>
