{"id":2373,"date":"2025-03-06T14:23:08","date_gmt":"2025-03-06T13:23:08","guid":{"rendered":"https:\/\/cellieu.fr\/press3\/skcc\/?page_id=2373"},"modified":"2025-03-06T17:10:11","modified_gmt":"2025-03-06T16:10:11","slug":"lamarca-henri","status":"publish","type":"page","link":"https:\/\/cellieu.fr\/press3\/skcc\/resultats\/ceintures-noires\/lamarca-henri\/","title":{"rendered":"LAMARCA Henri"},"content":{"rendered":"<h1 style=\"text-align: center\">D\u00e9bute le Karat\u00e9 en 1969,<\/h1>\n<h1 style=\"text-align: center\">Il est \u00e0 Cellieu depuis 1980,<br \/>\n1er Dan en 2007,<\/h1>\n<h1 style=\"text-align: center\">2\u00e8me Dan en 2009,<\/h1>\n<h1 style=\"text-align: center\">3\u00e8me Dan en 2012,<\/h1>\n<h1 style=\"text-align: center\">\u00a04\u00e8me Dan en 2016,<\/h1>\n<h1 style=\"text-align: center\">5\u00e8me\u00a0 Dan en juin 2022<\/h1>\n<p><img loading=\"lazy\" decoding=\"async\" class=\"size-medium wp-image-18 aligncenter\" src=\"https:\/\/cellieu.fr\/press3\/skcc\/wp-content\/uploads\/sites\/3\/2014\/07\/personne_Lamarca_H-300x199.jpg\" alt=\"\" width=\"300\" height=\"199\" srcset=\"https:\/\/cellieu.fr\/press3\/skcc\/wp-content\/uploads\/sites\/3\/2014\/07\/personne_Lamarca_H-300x199.jpg 300w, https:\/\/cellieu.fr\/press3\/skcc\/wp-content\/uploads\/sites\/3\/2014\/07\/personne_Lamarca_H.jpg 640w\" sizes=\"auto, (max-width: 300px) 100vw, 300px\" \/><\/p>\n","protected":false},"excerpt":{"rendered":"<p>D\u00e9bute le Karat\u00e9 en 1969, Il est \u00e0 Cellieu depuis 1980, 1er Dan en 2007, 2\u00e8me Dan en 2009, 3\u00e8me Dan en 2012, \u00a04\u00e8me Dan en 2016, 5\u00e8me\u00a0 Dan en juin 2022<\/p>\n","protected":false},"author":30,"featured_media":18,"parent":236,"menu_order":0,"comment_status":"closed","ping_status":"closed","template":"","meta":{"ngg_post_thumbnail":0,"jetpack_post_was_ever_published":false,"footnotes":""},"class_list":["post-2373","page","type-page","status-publish","has-post-thumbnail","hentry"],"jetpack_sharing_enabled":true,"jetpack_shortlink":"https:\/\/wp.me\/P51Dek-Ch","_links":{"self":[{"href":"https:\/\/cellieu.fr\/press3\/skcc\/wp-json\/wp\/v2\/pages\/2373","targetHints":{"allow":["GET"]}}],"collection":[{"href":"https:\/\/cellieu.fr\/press3\/skcc\/wp-json\/wp\/v2\/pages"}],"about":[{"href":"https:\/\/cellieu.fr\/press3\/skcc\/wp-json\/wp\/v2\/types\/page"}],"author":[{"embeddable":true,"href":"https:\/\/cellieu.fr\/press3\/skcc\/wp-json\/wp\/v2\/users\/30"}],"replies":[{"embeddable":true,"href":"https:\/\/cellieu.fr\/press3\/skcc\/wp-json\/wp\/v2\/comments?post=2373"}],"version-history":[{"count":4,"href":"https:\/\/cellieu.fr\/press3\/skcc\/wp-json\/wp\/v2\/pages\/2373\/revisions"}],"predecessor-version":[{"id":2378,"href":"https:\/\/cellieu.fr\/press3\/skcc\/wp-json\/wp\/v2\/pages\/2373\/revisions\/2378"}],"up":[{"embeddable":true,"href":"https:\/\/cellieu.fr\/press3\/skcc\/wp-json\/wp\/v2\/pages\/236"}],"wp:featuredmedia":[{"embeddable":true,"href":"https:\/\/cellieu.fr\/press3\/skcc\/wp-json\/wp\/v2\/media\/18"}],"wp:attachment":[{"href":"https:\/\/cellieu.fr\/press3\/skcc\/wp-json\/wp\/v2\/media?parent=2373"}],"curies":[{"name":"wp","href":"https:\/\/api.w.org\/{rel}","templated":true}]}}