{"id":2438,"date":"2025-03-06T18:09:54","date_gmt":"2025-03-06T17:09:54","guid":{"rendered":"https:\/\/cellieu.fr\/press3\/skcc\/?page_id=2438"},"modified":"2025-03-06T18:30:25","modified_gmt":"2025-03-06T17:30:25","slug":"2438-2","status":"publish","type":"page","link":"https:\/\/cellieu.fr\/press3\/skcc\/resultats\/ceintures-noires\/2438-2\/","title":{"rendered":"SOUBEYRAND Laurie"},"content":{"rendered":"<h1 style=\"text-align: center\">D\u00e9bute le Karat\u00e9 \u00e0 Cellieu en 1993.<\/h1>\n<h1 style=\"text-align: center\">\u00a0 Dipl\u00f4m\u00e9e en Body Karat\u00e9.<\/h1>\n<h1 style=\"text-align: center\">1er DAN en 2016<\/h1>\n<h1 style=\"text-align: center\">M\u00e9daill\u00e9e d\u2019Argent \u00e0 la Coupe de France de Body Karat\u00e9 en 2019<\/h1>\n<h1 style=\"text-align: center\">DIF en 2022<\/h1>\n<p><img loading=\"lazy\" decoding=\"async\" class=\"alignnone size-full wp-image-886 aligncenter\" src=\"https:\/\/cellieu.fr\/press3\/skcc\/wp-content\/uploads\/sites\/3\/2014\/07\/IMG_3682.jpg\" alt=\"\" width=\"191\" height=\"239\" srcset=\"https:\/\/cellieu.fr\/press3\/skcc\/wp-content\/uploads\/sites\/3\/2014\/07\/IMG_3682.jpg 191w, https:\/\/cellieu.fr\/press3\/skcc\/wp-content\/uploads\/sites\/3\/2014\/07\/IMG_3682-1x1.jpg 1w\" sizes=\"auto, (max-width: 191px) 100vw, 191px\" \/><\/p>\n","protected":false},"excerpt":{"rendered":"<p>D\u00e9bute le Karat\u00e9 \u00e0 Cellieu en 1993. \u00a0 Dipl\u00f4m\u00e9e en Body Karat\u00e9. 1er DAN en 2016 M\u00e9daill\u00e9e d\u2019Argent \u00e0 la Coupe de France de Body Karat\u00e9 en 2019 DIF en 2022<\/p>\n","protected":false},"author":30,"featured_media":886,"parent":236,"menu_order":0,"comment_status":"closed","ping_status":"closed","template":"","meta":{"ngg_post_thumbnail":0,"jetpack_post_was_ever_published":false,"footnotes":""},"class_list":["post-2438","page","type-page","status-publish","has-post-thumbnail","hentry"],"jetpack_sharing_enabled":true,"jetpack_shortlink":"https:\/\/wp.me\/P51Dek-Dk","_links":{"self":[{"href":"https:\/\/cellieu.fr\/press3\/skcc\/wp-json\/wp\/v2\/pages\/2438","targetHints":{"allow":["GET"]}}],"collection":[{"href":"https:\/\/cellieu.fr\/press3\/skcc\/wp-json\/wp\/v2\/pages"}],"about":[{"href":"https:\/\/cellieu.fr\/press3\/skcc\/wp-json\/wp\/v2\/types\/page"}],"author":[{"embeddable":true,"href":"https:\/\/cellieu.fr\/press3\/skcc\/wp-json\/wp\/v2\/users\/30"}],"replies":[{"embeddable":true,"href":"https:\/\/cellieu.fr\/press3\/skcc\/wp-json\/wp\/v2\/comments?post=2438"}],"version-history":[{"count":2,"href":"https:\/\/cellieu.fr\/press3\/skcc\/wp-json\/wp\/v2\/pages\/2438\/revisions"}],"predecessor-version":[{"id":2443,"href":"https:\/\/cellieu.fr\/press3\/skcc\/wp-json\/wp\/v2\/pages\/2438\/revisions\/2443"}],"up":[{"embeddable":true,"href":"https:\/\/cellieu.fr\/press3\/skcc\/wp-json\/wp\/v2\/pages\/236"}],"wp:featuredmedia":[{"embeddable":true,"href":"https:\/\/cellieu.fr\/press3\/skcc\/wp-json\/wp\/v2\/media\/886"}],"wp:attachment":[{"href":"https:\/\/cellieu.fr\/press3\/skcc\/wp-json\/wp\/v2\/media?parent=2438"}],"curies":[{"name":"wp","href":"https:\/\/api.w.org\/{rel}","templated":true}]}}